{"id":106805,"date":"2026-03-04T17:30:04","date_gmt":"2026-03-04T20:30:04","guid":{"rendered":"https:\/\/educacaocomproposito.com.br\/?post_type=product&#038;p=106805"},"modified":"2026-03-04T18:05:00","modified_gmt":"2026-03-04T21:05:00","slug":"kit-recepcao-dia-da-escola","status":"publish","type":"product","link":"https:\/\/educacaocomproposito.com.br\/index.php\/product\/kit-recepcao-dia-da-escola\/","title":{"rendered":"Kit Recep\u00e7\u00e3o &#8211; Dia da Escola"},"content":{"rendered":"<p>\u2728 <strong>O QUE VOC\u00ca ENCONTRA NESTE KIT:<\/strong><\/p>\n<p>\ud83d\udccc <strong>Painel Principal \u2013 \u201cBem-vindos! 15 de Mar\u00e7o \u2013 Dia da Escola\u201d<\/strong><br \/>(Tamanho aproximado ap\u00f3s montagem: <strong>57 x 81 cm<\/strong>)<br \/>Arquivo dividido em <strong>9 folhas A4<\/strong> para facilitar impress\u00e3o e montagem.<\/p>\n<p>\ud83e\uddfa <strong>Elementos Decorativos para Cesta de Vime<\/strong><br \/>Placas decorativas com frases que valorizam a escola e a conviv\u00eancia, ideais para montar uma <strong>cesta de boas-vindas ou cantinho tem\u00e1tico<\/strong>.<\/p>\n<p>\ud83c\udf81 <strong>Tag para BIS (lembrancinha)<\/strong><br \/>Tag pronta para imprimir e montar, perfeita para oferecer um mimo simples e simb\u00f3lico aos alunos.<\/p>\n<p>\ud83c\udfa5 <strong>QR Code com tutoriais de montagem<\/strong><br \/>Acesso ao drive com <strong>v\u00eddeos explicativos<\/strong> para facilitar a montagem dos itens do kit.<\/p>\n<p>\ud83d\udcce <strong>Instru\u00e7\u00f5es detalhadas de impress\u00e3o<\/strong><br \/>Orienta\u00e7\u00f5es pr\u00e1ticas para garantir um resultado bonito e sem dificuldades na impress\u00e3o.<\/p>\n<p><strong>Detalhes T\u00e9cnicos<\/strong>:<\/p>\n<p>\ud83d\udcc4 Material <strong>100% digital (PDF)<\/strong><br \/>\ud83d\udda8\ufe0f Arquivos <strong>prontos para impress\u00e3o em papel A4<\/strong><br \/>\ud83c\udfa5 Inclui <strong>QR Code com tutoriais de montagem<\/strong><br \/>\ud83d\udd10 <strong>Direitos autorais<\/strong><br \/>Material protegido por direitos autorais.<br \/>\ud83d\udeab Uso pessoal e pedag\u00f3gico \u2013 proibida a redistribui\u00e7\u00e3o ou comercializa\u00e7\u00e3o do material f\u00edsico ou digital.<br \/>\u26a0\ufe0f N\u00e3o enviamos pelos CORREIOS.<br \/>\u26a0\ufe0f Aten\u00e7\u00e3o: Este produto n\u00e3o \u00e9 clipart e n\u00e3o disponibilizamos a arte aberta.<\/p>\n<p><strong>\ud83d\udce5 Como acessar seu arquivo<\/strong>:<\/p>\n<p>Ap\u00f3s a confirma\u00e7\u00e3o do pagamento, voc\u00ea poder\u00e1 baixar o seu produto de tr\u00eas formas pr\u00e1ticas:<br \/><strong>1\ufe0f\u20e3 Via e-mail<\/strong><br \/>Voc\u00ea receber\u00e1 um e-mail com o t\u00edtulo <strong>\u201cSeu arquivo chegou\u201d<\/strong>.<br \/>Lembre-se de verificar tamb\u00e9m a caixa de <strong>Spam\/Lixo eletr\u00f4nico<\/strong>.<br \/>Para baixar, clique em todos os t\u00edtulos destacados e sublinhados na se\u00e7\u00e3o de Downloads.<br \/><strong>2\ufe0f\u20e3 Via WhatsApp<\/strong><br \/>Voc\u00ea receber\u00e1 uma mensagem autom\u00e1tica em seu WhatsApp.<br \/>Para receber o arquivo por l\u00e1, basta clicar no bot\u00e3o:<br \/><strong>\u201cRECEBER meu pedido aqui\u201d.<\/strong><br \/><strong>3\ufe0f\u20e3 Na sua \u00c1rea do Cliente (site)<\/strong><br \/>Clique nas tr\u00eas linhas no canto superior esquerdo.<br \/>Acesse <strong>Minha Conta &gt; Downloads<\/strong>.<br \/>Baixe diretamente todos os produtos adquiridos.<\/p>\n<p>\ud83d\udccc Qualquer d\u00favida, nosso suporte est\u00e1 \u00e0 disposi\u00e7\u00e3o:<br \/>\ud83d\udcde <strong>(11) 94050-7483<\/strong><\/p>\n","protected":false},"excerpt":{"rendered":"<p>Um kit especial para acolher alunos e comunidade escolar de forma criativa, afetiva e significativa.<\/p>\n<p>O Dia da Escola \u00e9 uma oportunidade de refor\u00e7ar o sentimento de pertencimento e mostrar que cada pessoa faz parte da constru\u00e7\u00e3o desse espa\u00e7o de aprendizado, amizade e descobertas.<\/p>\n<p>Pensando nisso, desenvolvi um kit de recep\u00e7\u00e3o visualmente encantador e f\u00e1cil de montar, perfeito para preparar um cantinho especial de boas-vindas na sua escola.<\/p>\n","protected":false},"featured_media":106816,"comment_status":"open","ping_status":"closed","template":"","meta":{"bwfblock_default_font":"","_uf_show_specific_survey":0,"_uf_disable_surveys":false},"product_brand":[],"product_cat":[37],"product_tag":[47,130],"class_list":{"0":"post-106805","1":"product","2":"type-product","3":"status-publish","4":"has-post-thumbnail","6":"product_cat-datas-comemorativas","7":"product_tag-datas-comemorativas","8":"product_tag-dia-da-escola","10":"first","11":"instock","12":"sale","13":"downloadable","14":"virtual","15":"sold-individually","16":"purchasable","17":"product-type-simple"},"aioseo_notices":[],"_links":{"self":[{"href":"https:\/\/educacaocomproposito.com.br\/index.php\/wp-json\/wp\/v2\/product\/106805","targetHints":{"allow":["GET"]}}],"collection":[{"href":"https:\/\/educacaocomproposito.com.br\/index.php\/wp-json\/wp\/v2\/product"}],"about":[{"href":"https:\/\/educacaocomproposito.com.br\/index.php\/wp-json\/wp\/v2\/types\/product"}],"replies":[{"embeddable":true,"href":"https:\/\/educacaocomproposito.com.br\/index.php\/wp-json\/wp\/v2\/comments?post=106805"}],"version-history":[{"count":1,"href":"https:\/\/educacaocomproposito.com.br\/index.php\/wp-json\/wp\/v2\/product\/106805\/revisions"}],"predecessor-version":[{"id":106808,"href":"https:\/\/educacaocomproposito.com.br\/index.php\/wp-json\/wp\/v2\/product\/106805\/revisions\/106808"}],"wp:featuredmedia":[{"embeddable":true,"href":"https:\/\/educacaocomproposito.com.br\/index.php\/wp-json\/wp\/v2\/media\/106816"}],"wp:attachment":[{"href":"https:\/\/educacaocomproposito.com.br\/index.php\/wp-json\/wp\/v2\/media?parent=106805"}],"wp:term":[{"taxonomy":"product_brand","embeddable":true,"href":"https:\/\/educacaocomproposito.com.br\/index.php\/wp-json\/wp\/v2\/product_brand?post=106805"},{"taxonomy":"product_cat","embeddable":true,"href":"https:\/\/educacaocomproposito.com.br\/index.php\/wp-json\/wp\/v2\/product_cat?post=106805"},{"taxonomy":"product_tag","embeddable":true,"href":"https:\/\/educacaocomproposito.com.br\/index.php\/wp-json\/wp\/v2\/product_tag?post=106805"}],"curies":[{"name":"wp","href":"https:\/\/api.w.org\/{rel}","templated":true}]}}

Kit Recepção &#8211; Dia da Escola

<p>✨ <strong>O QUE VOCÊ ENCONTRA NESTE KIT:</strong></p>
<p>📌 <strong>Painel Principal – “Bem-vindos! 15 de Março – Dia da Escola”</strong><br />(Tamanho aproximado após montagem: <strong>57 x 81 cm</strong>)<br />Arquivo dividido em <strong>9 folhas A4</strong> para facilitar impressão e montagem.</p>
<p>🧺 <strong>Elementos Decorativos para Cesta de Vime</strong><br />Placas decorativas com frases que valorizam a escola e a convivência, ideais para montar uma <strong>cesta de boas-vindas ou cantinho temático</strong>.</p>
<p>🎁 <strong>Tag para BIS (lembrancinha)</strong><br />Tag pronta para imprimir e montar, perfeita para oferecer um mimo simples e simbólico aos alunos.</p>
<p>🎥 <strong>QR Code com tutoriais de montagem</strong><br />Acesso ao drive com <strong>vídeos explicativos</strong> para facilitar a montagem dos itens do kit.</p>
<p>📎 <strong>Instruções detalhadas de impressão</strong><br />Orientações práticas para garantir um resultado bonito e sem dificuldades na impressão.</p>
<p><strong>Detalhes Técnicos</strong>:</p>
<p>📄 Material <strong>100% digital (PDF)</strong><br />🖨️ Arquivos <strong>prontos para impressão em papel A4</strong><br />🎥 Inclui <strong>QR Code com tutoriais de montagem</strong><br />🔐 <strong>Direitos autorais</strong><br />Material protegido por direitos autorais.<br />🚫 Uso pessoal e pedagógico – proibida a redistribuição ou comercialização do material físico ou digital.<br />⚠️ Não enviamos pelos CORREIOS.<br />⚠️ Atenção: Este produto não é clipart e não disponibilizamos a arte aberta.</p>
<p><strong>📥 Como acessar seu arquivo</strong>:</p>
<p>Após a confirmação do pagamento, você poderá baixar o seu produto de três formas práticas:<br /><strong>1️⃣ Via e-mail</strong><br />Você receberá um e-mail com o título <strong>“Seu arquivo chegou”</strong>.<br />Lembre-se de verificar também a caixa de <strong>Spam/Lixo eletrônico</strong>.<br />Para baixar, clique em todos os títulos destacados e sublinhados na seção de Downloads.<br /><strong>2️⃣ Via WhatsApp</strong><br />Você receberá uma mensagem automática em seu WhatsApp.<br />Para receber o arquivo por lá, basta clicar no botão:<br /><strong>“RECEBER meu pedido aqui”.</strong><br /><strong>3️⃣ Na sua Área do Cliente (site)</strong><br />Clique nas três linhas no canto superior esquerdo.<br />Acesse <strong>Minha Conta &gt; Downloads</strong>.<br />Baixe diretamente todos os produtos adquiridos.</p>
<p>📌 Qualquer dúvida, nosso suporte está à disposição:<br />📞 <strong>(11) 94050-7483</strong></p>

<p>Um kit especial para acolher alunos e comunidade escolar de forma criativa, afetiva e significativa.</p>
<p>O Dia da Escola é uma oportunidade de reforçar o sentimento de pertencimento e mostrar que cada pessoa faz parte da construção desse espaço de aprendizado, amizade e descobertas.</p>
<p>Pensando nisso, desenvolvi um kit de recepção visualmente encantador e fácil de montar, perfeito para preparar um cantinho especial de boas-vindas na sua escola.</p>
