{"id":113381,"date":"2026-04-06T18:14:30","date_gmt":"2026-04-06T21:14:30","guid":{"rendered":"https:\/\/educacaocomproposito.com.br\/?post_type=product&#038;p=113381"},"modified":"2026-04-07T18:48:03","modified_gmt":"2026-04-07T21:48:03","slug":"lembrancinha-dia-dos-povos-indigenas","status":"publish","type":"product","link":"https:\/\/educacaocomproposito.com.br\/index.php\/product\/lembrancinha-dia-dos-povos-indigenas\/","title":{"rendered":"Lembrancinha &#8211; Dia dos Povos Ind\u00edgenas"},"content":{"rendered":"<p>\u2728 O que voc\u00ea recebe neste kit:<\/p>\n<p>\ud83c\udfa8 <strong>Molde colorido da lembrancinha<\/strong><br \/>Ilustra\u00e7\u00e3o em alta qualidade pronta para impress\u00e3o e montagem.<\/p>\n<p>\ud83d\udd8d\ufe0f <strong>Vers\u00e3o para colorir<\/strong><br \/>Perfeita para envolver as crian\u00e7as na atividade, estimulando criatividade e protagonismo.<\/p>\n<p>\ud83d\udccc <strong>Arte complementar com conte\u00fado pedag\u00f3gico<\/strong><br \/>Texto explicativo sobre a origem da palavra \u201cpipoca\u201d, agregando valor educativo \u00e0 proposta.<\/p>\n<p>\ud83c\udfa5 <strong>Tutoriais de montagem (acesso via QR Code)<\/strong><br \/>Passo a passo simples para facilitar a montagem do recurso .<\/p>\n<p>\ud83d\udda8\ufe0f <strong>Instru\u00e7\u00f5es de impress\u00e3o<\/strong><br \/>Orienta\u00e7\u00f5es pr\u00e1ticas para garantir qualidade no resultado final .<\/p>\n<p><strong>Detalhes T\u00e9cnicos<\/strong>:<br \/>\ud83d\udcc4 Material\u00a0<strong>100% digital (PDF)<\/strong><br \/>\ud83d\udda8\ufe0f Arquivos\u00a0<strong>prontos para impress\u00e3o em papel A4<\/strong><br \/>\ud83c\udfa5 Inclui\u00a0<strong>QR Code com tutoriais de montagem<\/strong><br \/>\u26a0\ufe0f\u00a0<strong>Arquivo N\u00c3O EDIT\u00c1VEL<\/strong><br \/>\ud83d\udd10\u00a0<strong>Direitos autorais<\/strong><br \/>Material protegido por direitos autorais.<br \/>\ud83d\udeab Uso pessoal e pedag\u00f3gico \u2013 proibida a redistribui\u00e7\u00e3o ou comercializa\u00e7\u00e3o do material f\u00edsico ou digital.<br \/>\u26a0\ufe0f N\u00e3o enviamos pelos CORREIOS.<br \/>\u26a0\ufe0f Aten\u00e7\u00e3o: Este produto n\u00e3o \u00e9 clipart e n\u00e3o disponibilizamos a arte aberta.<\/p>\n<p><strong>\ud83d\udce5 Como acessar seu arquivo<\/strong>:<br \/>Ap\u00f3s a confirma\u00e7\u00e3o do pagamento, voc\u00ea poder\u00e1 baixar o seu produto de tr\u00eas formas pr\u00e1ticas:<br \/><strong>1\ufe0f\u20e3 Via e-mail<\/strong><br \/>Voc\u00ea receber\u00e1 um e-mail com o t\u00edtulo\u00a0<strong>\u201cSeu arquivo chegou\u201d<\/strong>.<br \/>Lembre-se de verificar tamb\u00e9m a caixa de\u00a0<strong>Spam\/Lixo eletr\u00f4nico<\/strong>.<br \/>Para baixar, clique em todos os t\u00edtulos destacados e sublinhados na se\u00e7\u00e3o de Downloads.<br \/><strong>2\ufe0f\u20e3 Via WhatsApp<\/strong><br \/>Voc\u00ea receber\u00e1 uma mensagem autom\u00e1tica em seu WhatsApp.<br \/>Para receber o arquivo por l\u00e1, basta clicar no bot\u00e3o:<br \/><strong>\u201cRECEBER meu pedido aqui\u201d.<\/strong><br \/><strong>3\ufe0f\u20e3 Na sua \u00c1rea do Cliente (site)<\/strong><br \/>Clique nas tr\u00eas linhas no canto superior esquerdo.<br \/>Acesse\u00a0<strong>Minha Conta &gt; Downloads<\/strong>.<br \/>Baixe diretamente todos os produtos adquiridos.<br \/>\ud83d\udccc Qualquer d\u00favida, nosso suporte est\u00e1 \u00e0 disposi\u00e7\u00e3o:<br \/>\ud83d\udcde\u00a0<strong>(11) 94050-7483<\/strong><\/p>\n","protected":false},"excerpt":{"rendered":"<p>Uma proposta pr\u00e1tica e significativa para trabalhar o Dia dos Povos Ind\u00edgenas em sala de aula.<br \/>O material une <strong>atividade l\u00fadica + lembrancinha<\/strong>, proporcionando um momento de aprendizagem envolvente enquanto valoriza a cultura ind\u00edgena.<\/p>\n<p>De forma simples e acess\u00edvel, os alunos participam da constru\u00e7\u00e3o do recurso e ainda aprendem sobre a origem da palavra \u201cpipoca\u201d, tornando a experi\u00eancia ainda mais rica e contextualizada<\/p>\n","protected":false},"featured_media":113681,"comment_status":"open","ping_status":"closed","template":"","meta":{"bwfblock_default_font":"","_uf_show_specific_survey":0,"_uf_disable_surveys":false},"product_brand":[],"product_cat":[37,136],"product_tag":[47,137],"class_list":{"0":"post-113381","1":"product","2":"type-product","3":"status-publish","4":"has-post-thumbnail","6":"product_cat-datas-comemorativas","7":"product_cat-dia-dos-povos-indigenas","8":"product_tag-datas-comemorativas","9":"product_tag-dia-dos-povos-indigenas","11":"first","12":"instock","13":"sale","14":"downloadable","15":"virtual","16":"sold-individually","17":"purchasable","18":"product-type-simple"},"aioseo_notices":[],"_links":{"self":[{"href":"https:\/\/educacaocomproposito.com.br\/index.php\/wp-json\/wp\/v2\/product\/113381","targetHints":{"allow":["GET"]}}],"collection":[{"href":"https:\/\/educacaocomproposito.com.br\/index.php\/wp-json\/wp\/v2\/product"}],"about":[{"href":"https:\/\/educacaocomproposito.com.br\/index.php\/wp-json\/wp\/v2\/types\/product"}],"replies":[{"embeddable":true,"href":"https:\/\/educacaocomproposito.com.br\/index.php\/wp-json\/wp\/v2\/comments?post=113381"}],"version-history":[{"count":2,"href":"https:\/\/educacaocomproposito.com.br\/index.php\/wp-json\/wp\/v2\/product\/113381\/revisions"}],"predecessor-version":[{"id":113401,"href":"https:\/\/educacaocomproposito.com.br\/index.php\/wp-json\/wp\/v2\/product\/113381\/revisions\/113401"}],"wp:featuredmedia":[{"embeddable":true,"href":"https:\/\/educacaocomproposito.com.br\/index.php\/wp-json\/wp\/v2\/media\/113681"}],"wp:attachment":[{"href":"https:\/\/educacaocomproposito.com.br\/index.php\/wp-json\/wp\/v2\/media?parent=113381"}],"wp:term":[{"taxonomy":"product_brand","embeddable":true,"href":"https:\/\/educacaocomproposito.com.br\/index.php\/wp-json\/wp\/v2\/product_brand?post=113381"},{"taxonomy":"product_cat","embeddable":true,"href":"https:\/\/educacaocomproposito.com.br\/index.php\/wp-json\/wp\/v2\/product_cat?post=113381"},{"taxonomy":"product_tag","embeddable":true,"href":"https:\/\/educacaocomproposito.com.br\/index.php\/wp-json\/wp\/v2\/product_tag?post=113381"}],"curies":[{"name":"wp","href":"https:\/\/api.w.org\/{rel}","templated":true}]}}