{"id":1249,"date":"2024-09-13T01:05:15","date_gmt":"2024-09-13T04:05:15","guid":{"rendered":"https:\/\/educacaocomproposito.com.br\/?post_type=product&#038;p=1249"},"modified":"2025-08-26T15:39:28","modified_gmt":"2025-08-26T18:39:28","slug":"kit-setembro-amarelo-2024","status":"publish","type":"product","link":"https:\/\/educacaocomproposito.com.br\/index.php\/product\/kit-setembro-amarelo-2024\/","title":{"rendered":"Kit &#8211; Setembro Amarelo 2024"},"content":{"rendered":"\n<p><strong>O Kit inclui:<\/strong><br>&#8211; Painel Tem\u00e1tico: Com aproximadamente 110 x 78 cm, composto por 23 folhas A4.<br>&#8211; Caixinha com Recadinhos de Acolhimento: Cont\u00e9m 30 frases pensadas para trazer conforto, encorajamento e positividade.<br>&#8211; Inclui 4 modelos de lembrancinhas, perfeitos para distribuir durante as atividades de conscientiza\u00e7\u00e3o. Sendo:<br> &#8211; Tag para pirulito;<br> &#8211; Caixinha personalizada para bombom;<br> &#8211; Caixinha com texto acolhedor;<br> &#8211; Tag para bis;<br>&#8211; Din\u00e2mica: Desenvolvida para ser aplicada desde o Ensino Fundamental I at\u00e9 o Ensino M\u00e9dio. Esta din\u00e2mica visa promover a empatia, o respeito e o apoio m\u00fatuo entre os estudantes, criando um espa\u00e7o seguro para que todos possam expressar seus sentimentos.<\/p>\n\n\n\n<p><strong>Detalhes T\u00e9cnicos<\/strong>:<br>Arquivo 100% digital, pronto para impress\u00e3o. N\u00c3O ENVIAMOS PELOS CORREIOS.<\/p>\n\n\n\n<p><strong>\ud83d\udce5 Como acessar seu arquivo<br>Ap\u00f3s a confirma\u00e7\u00e3o do pagamento, voc\u00ea poder\u00e1 baixar o seu produto de tr\u00eas formas pr\u00e1ticas:<br><\/strong>1\ufe0f\u20e3 Via e-mail<br>Voc\u00ea receber\u00e1 um e-mail com o t\u00edtulo \u201cSeu arquivo chegou\u201d.<br>Lembre-se de verificar tamb\u00e9m a caixa de Spam\/Lixo eletr\u00f4nico.<br>Para baixar, clique em todos os t\u00edtulos destacados e sublinhados na se\u00e7\u00e3o de Downloads.<br>2\ufe0f\u20e3 Via WhatsApp<br>Voc\u00ea receber\u00e1 uma mensagem autom\u00e1tica em seu WhatsApp.<br>Para receber o arquivo por l\u00e1, basta clicar no bot\u00e3o: \u201cRECEBER meu pedido aqui\u201d.<br>3\ufe0f\u20e3 Na sua \u00c1rea do Cliente (site)<br>Clique nas tr\u00eas linhas no canto superior esquerdo.<br>Acesse Minha Conta &gt; Downloads.<br>Baixe diretamente todos os produtos adquiridos.<br><strong>\ud83d\udccc Qualquer d\u00favida, nosso suporte est\u00e1 \u00e0 disposi\u00e7\u00e3o:<br>(11) 94050-7483.<\/strong><\/p>\n","protected":false},"excerpt":{"rendered":"<p>Este Kit \u00e9 uma ferramenta completa para trabalhar a conscientiza\u00e7\u00e3o e o acolhimento durante a campanha do Setembro Amarelo, ideal para escolas, cl\u00ednicas, consult\u00f3rios terap\u00eauticos, que desejam criar um ambiente de apoio emocional e preven\u00e7\u00e3o ao suic\u00eddio.<\/p>\n","protected":false},"featured_media":1218,"comment_status":"open","ping_status":"closed","template":"","meta":{"bwfblock_default_font":"","_uf_show_specific_survey":0,"_uf_disable_surveys":false},"product_brand":[],"product_cat":[37],"product_tag":[],"class_list":{"0":"post-1249","1":"product","2":"type-product","3":"status-publish","4":"has-post-thumbnail","6":"product_cat-datas-comemorativas","8":"first","9":"instock","10":"sale","11":"downloadable","12":"virtual","13":"sold-individually","14":"purchasable","15":"product-type-simple"},"aioseo_notices":[],"_links":{"self":[{"href":"https:\/\/educacaocomproposito.com.br\/index.php\/wp-json\/wp\/v2\/product\/1249","targetHints":{"allow":["GET"]}}],"collection":[{"href":"https:\/\/educacaocomproposito.com.br\/index.php\/wp-json\/wp\/v2\/product"}],"about":[{"href":"https:\/\/educacaocomproposito.com.br\/index.php\/wp-json\/wp\/v2\/types\/product"}],"replies":[{"embeddable":true,"href":"https:\/\/educacaocomproposito.com.br\/index.php\/wp-json\/wp\/v2\/comments?post=1249"}],"version-history":[{"count":1,"href":"https:\/\/educacaocomproposito.com.br\/index.php\/wp-json\/wp\/v2\/product\/1249\/revisions"}],"predecessor-version":[{"id":62048,"href":"https:\/\/educacaocomproposito.com.br\/index.php\/wp-json\/wp\/v2\/product\/1249\/revisions\/62048"}],"wp:featuredmedia":[{"embeddable":true,"href":"https:\/\/educacaocomproposito.com.br\/index.php\/wp-json\/wp\/v2\/media\/1218"}],"wp:attachment":[{"href":"https:\/\/educacaocomproposito.com.br\/index.php\/wp-json\/wp\/v2\/media?parent=1249"}],"wp:term":[{"taxonomy":"product_brand","embeddable":true,"href":"https:\/\/educacaocomproposito.com.br\/index.php\/wp-json\/wp\/v2\/product_brand?post=1249"},{"taxonomy":"product_cat","embeddable":true,"href":"https:\/\/educacaocomproposito.com.br\/index.php\/wp-json\/wp\/v2\/product_cat?post=1249"},{"taxonomy":"product_tag","embeddable":true,"href":"https:\/\/educacaocomproposito.com.br\/index.php\/wp-json\/wp\/v2\/product_tag?post=1249"}],"curies":[{"name":"wp","href":"https:\/\/api.w.org\/{rel}","templated":true}]}}