{"id":18402,"date":"2025-02-04T22:27:58","date_gmt":"2025-02-05T01:27:58","guid":{"rendered":"https:\/\/educacaocomproposito.com.br\/?post_type=product&#038;p=18402"},"modified":"2026-02-03T09:27:44","modified_gmt":"2026-02-03T12:27:44","slug":"kit-digital-reuniao-de-pais-o-valor-do-tempo-compartilhado","status":"publish","type":"product","link":"https:\/\/educacaocomproposito.com.br\/index.php\/product\/kit-digital-reuniao-de-pais-o-valor-do-tempo-compartilhado\/","title":{"rendered":"Kit Digital Reuni\u00e3o de Pais &#8211; &#8220;O valor do tempo compartilhado.&#8221;"},"content":{"rendered":"<p>\u2728 <strong>O que est\u00e1 incluso?<\/strong><br \/>\ud83d\udccc <strong>Din\u00e2mica para Educa\u00e7\u00e3o Infantil e Ensino Fundamental I<\/strong> \u2013 Atividade l\u00fadica para sensibilizar os pais sobre a import\u00e2ncia do tempo de qualidade com os filhos.<br \/>\ud83d\udccc <strong>Din\u00e2mica para Ensino Fundamental II e Ensino M\u00e9dio<\/strong> \u2013 Reflex\u00e3o profunda para os pais de adolescentes sobre os desafios dessa fase e o impacto do tempo dedicado na forma\u00e7\u00e3o dos filhos.<br \/>\ud83c\udfa5 <strong>V\u00eddeo Exclusivo e Autoral<\/strong> \u2013 Um material audiovisual criado especialmente para provocar reflex\u00e3o e gerar di\u00e1logos enriquecedores sobre o tema.<br \/>\ud83d\udccc <strong>Painel Tem\u00e1tico (172&#215;85 cm)<\/strong> \u2013 Um belo painel com mensagens impactantes sobre o valor do tempo na cria\u00e7\u00e3o dos filhos. (38 p\u00e1ginas A4)<br \/>\ud83d\udccc <strong>Faixa Gigante Tem\u00e1tica (188&#215;35 cm)<\/strong> \u2013 Destaque sua reuni\u00e3o com uma faixa visualmente atrativa, refor\u00e7ando a mensagem central do encontro. (20 p\u00e1ginas A4) <br \/>\ud83d\udcdd 12 Plaquinhas com frases direcionadas a tem\u00e1tica e<br \/>relacionadas a parceria entre escola e fam\u00edlia.<br \/>\ud83c\udf81 <strong>Lembrancinhas (4 por folha A4)<\/strong> \u2013 Pequenos mimos para os pais levarem consigo um lembrete inspirador do encontro.<br \/>\ud83d\udcc4 <strong>Arquivo pronto para impress\u00e3o (n\u00e3o edit\u00e1vel)<\/strong> \u2013 Formato digital para impress\u00e3o de alta qualidade, garantindo praticidade na montagem do evento.<\/p>\n<p><strong>Detalhes T\u00e9cnicos:<\/strong><br \/>Arquivo 100% Digital &#8211; <strong>(n\u00e3o edit\u00e1vel)<\/strong>. N\u00c3O ENVIAMOS PELOS CORREIOS.<\/p>\n<p><strong>\ud83d\udce5 Como acessar seu arquivo<br \/>Ap\u00f3s a confirma\u00e7\u00e3o do pagamento, voc\u00ea poder\u00e1 baixar o seu produto de tr\u00eas formas pr\u00e1ticas:<br \/><\/strong>1\ufe0f\u20e3 Via e-mail<br \/>Voc\u00ea receber\u00e1 um e-mail com o t\u00edtulo \u201cSeu arquivo chegou\u201d.<br \/>Lembre-se de verificar tamb\u00e9m a caixa de Spam\/Lixo eletr\u00f4nico.<br \/>Para baixar, clique em todos os t\u00edtulos destacados e sublinhados na se\u00e7\u00e3o de Downloads.<br \/>2\ufe0f\u20e3 Via WhatsApp<br \/>Voc\u00ea receber\u00e1 uma mensagem autom\u00e1tica em seu WhatsApp.<br \/>Para receber o arquivo por l\u00e1, basta clicar no bot\u00e3o: \u201cRECEBER meu pedido aqui\u201d.<br \/>3\ufe0f\u20e3 Na sua \u00c1rea do Cliente (site)<br \/>Clique nas tr\u00eas linhas no canto superior esquerdo.<br \/>Acesse Minha Conta &gt; Downloads.<br \/>Baixe diretamente todos os produtos adquiridos.<br \/><strong>\ud83d\udccc Qualquer d\u00favida, nosso suporte est\u00e1 \u00e0 disposi\u00e7\u00e3o:<br \/>(11) 94050-7483.<\/strong><\/p>\n","protected":false},"excerpt":{"rendered":"<p>Fortale\u00e7a o v\u00ednculo entre escola e fam\u00edlia com este kit completo e reflexivo para reuni\u00f5es de pais! Com um material estruturado para envolver e emocionar, seu encontro ser\u00e1 ainda mais significativo. Da Educa\u00e7\u00e3o Infantil ao Ensino M\u00e9dio.<\/p>\n","protected":false},"featured_media":18428,"comment_status":"open","ping_status":"closed","template":"","meta":{"bwfblock_default_font":"","_uf_show_specific_survey":0,"_uf_disable_surveys":false},"product_brand":[],"product_cat":[42],"product_tag":[43],"class_list":{"0":"post-18402","1":"product","2":"type-product","3":"status-publish","4":"has-post-thumbnail","6":"product_cat-reuniao-de-pais","7":"product_tag-reuniao-de-pais","9":"first","10":"instock","11":"sale","12":"downloadable","13":"virtual","14":"sold-individually","15":"taxable","16":"purchasable","17":"product-type-simple"},"aioseo_notices":[],"_links":{"self":[{"href":"https:\/\/educacaocomproposito.com.br\/index.php\/wp-json\/wp\/v2\/product\/18402","targetHints":{"allow":["GET"]}}],"collection":[{"href":"https:\/\/educacaocomproposito.com.br\/index.php\/wp-json\/wp\/v2\/product"}],"about":[{"href":"https:\/\/educacaocomproposito.com.br\/index.php\/wp-json\/wp\/v2\/types\/product"}],"replies":[{"embeddable":true,"href":"https:\/\/educacaocomproposito.com.br\/index.php\/wp-json\/wp\/v2\/comments?post=18402"}],"version-history":[{"count":4,"href":"https:\/\/educacaocomproposito.com.br\/index.php\/wp-json\/wp\/v2\/product\/18402\/revisions"}],"predecessor-version":[{"id":61979,"href":"https:\/\/educacaocomproposito.com.br\/index.php\/wp-json\/wp\/v2\/product\/18402\/revisions\/61979"}],"wp:featuredmedia":[{"embeddable":true,"href":"https:\/\/educacaocomproposito.com.br\/index.php\/wp-json\/wp\/v2\/media\/18428"}],"wp:attachment":[{"href":"https:\/\/educacaocomproposito.com.br\/index.php\/wp-json\/wp\/v2\/media?parent=18402"}],"wp:term":[{"taxonomy":"product_brand","embeddable":true,"href":"https:\/\/educacaocomproposito.com.br\/index.php\/wp-json\/wp\/v2\/product_brand?post=18402"},{"taxonomy":"product_cat","embeddable":true,"href":"https:\/\/educacaocomproposito.com.br\/index.php\/wp-json\/wp\/v2\/product_cat?post=18402"},{"taxonomy":"product_tag","embeddable":true,"href":"https:\/\/educacaocomproposito.com.br\/index.php\/wp-json\/wp\/v2\/product_tag?post=18402"}],"curies":[{"name":"wp","href":"https:\/\/api.w.org\/{rel}","templated":true}]}}