{"id":25458,"date":"2025-03-10T20:24:07","date_gmt":"2025-03-10T23:24:07","guid":{"rendered":"https:\/\/educacaocomproposito.com.br\/?post_type=product&#038;p=25458"},"modified":"2025-08-26T14:35:13","modified_gmt":"2025-08-26T17:35:13","slug":"kit-15-de-marco-dia-da-escola-2025","status":"publish","type":"product","link":"https:\/\/educacaocomproposito.com.br\/index.php\/product\/kit-15-de-marco-dia-da-escola-2025\/","title":{"rendered":"KIT &#8211; 15 DE MAR\u00c7O | DIA DA ESCOLA 2025"},"content":{"rendered":"<p>\u2728 <strong>O QUE INCLUI?<\/strong><br \/>\ud83d\udccc <strong>Painel Interativo<\/strong> \u2013 Medida aproximada: <strong>146,5x78cm<\/strong> (24 p\u00e1ginas A4 &#8211; formato retrato).<br \/>\ud83c\udf81 <strong>3 Modelos de Lembrancinhas:<\/strong><br \/>\u2705 <strong>Tag para bala<\/strong> (6 por folha A4)<br \/>\u2705 <strong>Tag para l\u00e1pis<\/strong> (4 por folha A4)<br \/>\u2705 <strong>Tag para pirulito<\/strong> (6 por folha A4)<br \/>\ud83d\uddbc\ufe0f <strong>Arquivo edit\u00e1vel de fotos<\/strong> \u2013 Personalize com imagens da sua escola! A edi\u00e7\u00e3o \u00e9 feita <strong>exclusivamente pelo Canva<\/strong> (vers\u00e3o gratuita ou paga).<br \/>\ud83d\udcd6 <strong>Tutorial inclu\u00eddo<\/strong> \u2013 Passo a passo de montagem e personaliza\u00e7\u00e3o das fotos.<\/p>\n<p>\ud83d\udda8\ufe0f\u00a0<strong>Detalhes T\u00e9cnicos<\/strong><br \/>\ud83d\udcc2 Arquivo\u00a0<strong>100% digital<\/strong>, em\u00a0<strong>PDF pronto para impress\u00e3o<\/strong>\u00a0(Apenas as fotos s\u00e3o edit\u00e1veis).<br \/>\ud83d\udeab\u00a0<strong>N\u00e3o enviamos arquivos f\u00edsicos pelos Correios.<\/strong><br \/>\u26a0\ufe0f\u00a0<strong>Uso pessoal. Proibida a revenda.<\/strong><\/p>\n<p><strong>\ud83d\udce5 Como acessar seu arquivo<br \/>Ap\u00f3s a confirma\u00e7\u00e3o do pagamento, voc\u00ea poder\u00e1 baixar o seu produto de tr\u00eas formas pr\u00e1ticas:<br \/><\/strong>1\ufe0f\u20e3 Via e-mail<br \/>Voc\u00ea receber\u00e1 um e-mail com o t\u00edtulo \u201cSeu arquivo chegou\u201d.<br \/>Lembre-se de verificar tamb\u00e9m a caixa de Spam\/Lixo eletr\u00f4nico.<br \/>Para baixar, clique em todos os t\u00edtulos destacados e sublinhados na se\u00e7\u00e3o de Downloads.<br \/>2\ufe0f\u20e3 Via WhatsApp<br \/>Voc\u00ea receber\u00e1 uma mensagem autom\u00e1tica em seu WhatsApp.<br \/>Para receber o arquivo por l\u00e1, basta clicar no bot\u00e3o: \u201cRECEBER meu pedido aqui\u201d.<br \/>3\ufe0f\u20e3 Na sua \u00c1rea do Cliente (site)<br \/>Clique nas tr\u00eas linhas no canto superior esquerdo.<br \/>Acesse Minha Conta &gt; Downloads.<br \/>Baixe diretamente todos os produtos adquiridos.<br \/><strong>\ud83d\udccc Qualquer d\u00favida, nosso suporte est\u00e1 \u00e0 disposi\u00e7\u00e3o:<br \/>(11) 94050-7483.<\/strong><\/p>\n","protected":false},"excerpt":{"rendered":"<p>Celebre o <strong>Dia da Escola<\/strong> de forma especial com este <strong>kit completo e interativo<\/strong>, pensado para valorizar esse ambiente t\u00e3o importante na vida dos alunos! \ud83c\udf89 <strong>Transforme o Dia da Escola em um momento inesquec\u00edvel para seus alunos!<\/strong> \ud83d\ude80\ud83c\udfeb<\/p>\n","protected":false},"featured_media":25459,"comment_status":"open","ping_status":"closed","template":"","meta":{"bwfblock_default_font":"","_uf_show_specific_survey":0,"_uf_disable_surveys":false},"product_brand":[],"product_cat":[37],"product_tag":[47],"class_list":{"0":"post-25458","1":"product","2":"type-product","3":"status-publish","4":"has-post-thumbnail","6":"product_cat-datas-comemorativas","7":"product_tag-datas-comemorativas","9":"first","10":"instock","11":"sale","12":"downloadable","13":"virtual","14":"sold-individually","15":"taxable","16":"purchasable","17":"product-type-simple"},"aioseo_notices":[],"_links":{"self":[{"href":"https:\/\/educacaocomproposito.com.br\/index.php\/wp-json\/wp\/v2\/product\/25458","targetHints":{"allow":["GET"]}}],"collection":[{"href":"https:\/\/educacaocomproposito.com.br\/index.php\/wp-json\/wp\/v2\/product"}],"about":[{"href":"https:\/\/educacaocomproposito.com.br\/index.php\/wp-json\/wp\/v2\/types\/product"}],"replies":[{"embeddable":true,"href":"https:\/\/educacaocomproposito.com.br\/index.php\/wp-json\/wp\/v2\/comments?post=25458"}],"version-history":[{"count":2,"href":"https:\/\/educacaocomproposito.com.br\/index.php\/wp-json\/wp\/v2\/product\/25458\/revisions"}],"predecessor-version":[{"id":61965,"href":"https:\/\/educacaocomproposito.com.br\/index.php\/wp-json\/wp\/v2\/product\/25458\/revisions\/61965"}],"wp:featuredmedia":[{"embeddable":true,"href":"https:\/\/educacaocomproposito.com.br\/index.php\/wp-json\/wp\/v2\/media\/25459"}],"wp:attachment":[{"href":"https:\/\/educacaocomproposito.com.br\/index.php\/wp-json\/wp\/v2\/media?parent=25458"}],"wp:term":[{"taxonomy":"product_brand","embeddable":true,"href":"https:\/\/educacaocomproposito.com.br\/index.php\/wp-json\/wp\/v2\/product_brand?post=25458"},{"taxonomy":"product_cat","embeddable":true,"href":"https:\/\/educacaocomproposito.com.br\/index.php\/wp-json\/wp\/v2\/product_cat?post=25458"},{"taxonomy":"product_tag","embeddable":true,"href":"https:\/\/educacaocomproposito.com.br\/index.php\/wp-json\/wp\/v2\/product_tag?post=25458"}],"curies":[{"name":"wp","href":"https:\/\/api.w.org\/{rel}","templated":true}]}}

KIT &#8211; 15 DE MARÇO | DIA DA ESCOLA 2025

<p>✨ <strong>O QUE INCLUI?</strong><br />📌 <strong>Painel Interativo</strong> – Medida aproximada: <strong>146,5x78cm</strong> (24 páginas A4 &#8211; formato retrato).<br />🎁 <strong>3 Modelos de Lembrancinhas:</strong><br />✅ <strong>Tag para bala</strong> (6 por folha A4)<br />✅ <strong>Tag para lápis</strong> (4 por folha A4)<br />✅ <strong>Tag para pirulito</strong> (6 por folha A4)<br />🖼️ <strong>Arquivo editável de fotos</strong> – Personalize com imagens da sua escola! A edição é feita <strong>exclusivamente pelo Canva</strong> (versão gratuita ou paga).<br />📖 <strong>Tutorial incluído</strong> – Passo a passo de montagem e personalização das fotos.</p>
<p>🖨️ <strong>Detalhes Técnicos</strong><br />📂 Arquivo <strong>100% digital</strong>, em <strong>PDF pronto para impressão</strong> (Apenas as fotos são editáveis).<br />🚫 <strong>Não enviamos arquivos físicos pelos Correios.</strong><br />⚠️ <strong>Uso pessoal. Proibida a revenda.</strong></p>
<p><strong>📥 Como acessar seu arquivo<br />Após a confirmação do pagamento, você poderá baixar o seu produto de três formas práticas:<br /></strong>1️⃣ Via e-mail<br />Você receberá um e-mail com o título “Seu arquivo chegou”.<br />Lembre-se de verificar também a caixa de Spam/Lixo eletrônico.<br />Para baixar, clique em todos os títulos destacados e sublinhados na seção de Downloads.<br />2️⃣ Via WhatsApp<br />Você receberá uma mensagem automática em seu WhatsApp.<br />Para receber o arquivo por lá, basta clicar no botão: “RECEBER meu pedido aqui”.<br />3️⃣ Na sua Área do Cliente (site)<br />Clique nas três linhas no canto superior esquerdo.<br />Acesse Minha Conta &gt; Downloads.<br />Baixe diretamente todos os produtos adquiridos.<br /><strong>📌 Qualquer dúvida, nosso suporte está à disposição:<br />(11) 94050-7483.</strong></p>

<p>Celebre o <strong>Dia da Escola</strong> de forma especial com este <strong>kit completo e interativo</strong>, pensado para valorizar esse ambiente tão importante na vida dos alunos! 🎉 <strong>Transforme o Dia da Escola em um momento inesquecível para seus alunos!</strong> 🚀🏫</p>
