{"id":26613,"date":"2025-03-16T02:33:48","date_gmt":"2025-03-16T05:33:48","guid":{"rendered":"https:\/\/educacaocomproposito.com.br\/?post_type=product&#038;p=26613"},"modified":"2025-08-26T14:32:23","modified_gmt":"2025-08-26T17:32:23","slug":"moldura-para-bambole-21-de-marco-dia-internacional-contra-a-discriminacao-racial","status":"publish","type":"product","link":"https:\/\/educacaocomproposito.com.br\/index.php\/product\/moldura-para-bambole-21-de-marco-dia-internacional-contra-a-discriminacao-racial\/","title":{"rendered":"Moldura para Bambol\u00ea \u2013 21 de Mar\u00e7o \u2013 Dia Internacional contra a Discrimina\u00e7\u00e3o Racial"},"content":{"rendered":"<p>\ud83d\udccf <strong>Tamanho:<\/strong> Para bambol\u00eas de <strong>65cm<\/strong><br \/>\ud83d\udcc4 <strong>Arquivo digital em PDF<\/strong> \u2013 pronto para impress\u00e3o.<br \/>\ud83d\udcd1 <strong>12 p\u00e1ginas A4 (configura\u00e7\u00e3o retrato)<\/strong>, com um design impactante e educativo.<\/p>\n<p>\ud83d\udda8\ufe0f <strong>Detalhes T\u00e9cnicos:<\/strong><br \/>\ud83d\udcc2 Arquivo <strong>100% digital<\/strong>, em PDF <strong>n\u00e3o edit\u00e1vel<\/strong>.<br \/>\ud83d\udeab <strong>N\u00e3o enviamos arquivos f\u00edsicos<\/strong> pelos Correios.<br \/>\u26a0\ufe0f <strong>Uso pessoal<\/strong>. Proibida a revenda.<\/p>\n<p><strong>\ud83d\udce5 Como acessar seu arquivo<br \/>Ap\u00f3s a confirma\u00e7\u00e3o do pagamento, voc\u00ea poder\u00e1 baixar o seu produto de tr\u00eas formas pr\u00e1ticas:<br \/><\/strong>1\ufe0f\u20e3 Via e-mail<br \/>Voc\u00ea receber\u00e1 um e-mail com o t\u00edtulo \u201cSeu arquivo chegou\u201d.<br \/>Lembre-se de verificar tamb\u00e9m a caixa de Spam\/Lixo eletr\u00f4nico.<br \/>Para baixar, clique em todos os t\u00edtulos destacados e sublinhados na se\u00e7\u00e3o de Downloads.<br \/>2\ufe0f\u20e3 Via WhatsApp<br \/>Voc\u00ea receber\u00e1 uma mensagem autom\u00e1tica em seu WhatsApp.<br \/>Para receber o arquivo por l\u00e1, basta clicar no bot\u00e3o: \u201cRECEBER meu pedido aqui\u201d.<br \/>3\ufe0f\u20e3 Na sua \u00c1rea do Cliente (site)<br \/>Clique nas tr\u00eas linhas no canto superior esquerdo.<br \/>Acesse Minha Conta &gt; Downloads.<br \/>Baixe diretamente todos os produtos adquiridos.<br \/><strong>\ud83d\udccc Qualquer d\u00favida, nosso suporte est\u00e1 \u00e0 disposi\u00e7\u00e3o:<br \/>(11) 94050-7483.<\/strong><\/p>\n","protected":false},"excerpt":{"rendered":"<p>Promova reflex\u00f5es sobre igualdade e respeito com esta moldura para bambol\u00ea, ideal para a\u00e7\u00f5es educativas no <strong>Dia Internacional contra a Discrimina\u00e7\u00e3o Racial<\/strong>. Esta moldura \u00e9 perfeita para fotos que reforcem a mensagem de combate ao preconceito e valoriza\u00e7\u00e3o das diferen\u00e7as.<\/p>\n","protected":false},"featured_media":26617,"comment_status":"open","ping_status":"closed","template":"","meta":{"bwfblock_default_font":"","_uf_show_specific_survey":0,"_uf_disable_surveys":false},"product_brand":[],"product_cat":[37],"product_tag":[47],"class_list":{"0":"post-26613","1":"product","2":"type-product","3":"status-publish","4":"has-post-thumbnail","6":"product_cat-datas-comemorativas","7":"product_tag-datas-comemorativas","9":"first","10":"instock","11":"sale","12":"downloadable","13":"virtual","14":"sold-individually","15":"taxable","16":"purchasable","17":"product-type-simple"},"aioseo_notices":[],"_links":{"self":[{"href":"https:\/\/educacaocomproposito.com.br\/index.php\/wp-json\/wp\/v2\/product\/26613","targetHints":{"allow":["GET"]}}],"collection":[{"href":"https:\/\/educacaocomproposito.com.br\/index.php\/wp-json\/wp\/v2\/product"}],"about":[{"href":"https:\/\/educacaocomproposito.com.br\/index.php\/wp-json\/wp\/v2\/types\/product"}],"replies":[{"embeddable":true,"href":"https:\/\/educacaocomproposito.com.br\/index.php\/wp-json\/wp\/v2\/comments?post=26613"}],"version-history":[{"count":2,"href":"https:\/\/educacaocomproposito.com.br\/index.php\/wp-json\/wp\/v2\/product\/26613\/revisions"}],"predecessor-version":[{"id":61960,"href":"https:\/\/educacaocomproposito.com.br\/index.php\/wp-json\/wp\/v2\/product\/26613\/revisions\/61960"}],"wp:featuredmedia":[{"embeddable":true,"href":"https:\/\/educacaocomproposito.com.br\/index.php\/wp-json\/wp\/v2\/media\/26617"}],"wp:attachment":[{"href":"https:\/\/educacaocomproposito.com.br\/index.php\/wp-json\/wp\/v2\/media?parent=26613"}],"wp:term":[{"taxonomy":"product_brand","embeddable":true,"href":"https:\/\/educacaocomproposito.com.br\/index.php\/wp-json\/wp\/v2\/product_brand?post=26613"},{"taxonomy":"product_cat","embeddable":true,"href":"https:\/\/educacaocomproposito.com.br\/index.php\/wp-json\/wp\/v2\/product_cat?post=26613"},{"taxonomy":"product_tag","embeddable":true,"href":"https:\/\/educacaocomproposito.com.br\/index.php\/wp-json\/wp\/v2\/product_tag?post=26613"}],"curies":[{"name":"wp","href":"https:\/\/api.w.org\/{rel}","templated":true}]}}