{"id":28839,"date":"2025-03-26T20:04:57","date_gmt":"2025-03-26T23:04:57","guid":{"rendered":"https:\/\/educacaocomproposito.com.br\/?post_type=product&#038;p=28839"},"modified":"2025-08-26T13:51:08","modified_gmt":"2025-08-26T16:51:08","slug":"kit-digital-abril-azul-inclusao-2025","status":"publish","type":"product","link":"https:\/\/educacaocomproposito.com.br\/index.php\/product\/kit-digital-abril-azul-inclusao-2025\/","title":{"rendered":"Kit Digital \u2013 Abril Azul &#8211; Inclus\u00e3o 2025"},"content":{"rendered":"<p>\u2728 O que voc\u00ea vai encontrar no kit:<br \/>\ud83d\udccc <strong>Painel Tem\u00e1tico<\/strong><br \/>Painel base com <strong>18 folhas A4<\/strong><br \/>Elementos complementares em <strong>11 folhas A4<\/strong><br \/>Total: <strong>29 folhas<\/strong><br \/><strong>Tamanho aproximado ap\u00f3s montagem: 194&#215;78 cm<\/strong><br \/>Ideal para murais, corredores ou salas tem\u00e1ticas<\/p>\n<p>\ud83e\udde9 <strong>Quebra-cabe\u00e7a personaliz\u00e1vel<\/strong><br \/>Crie um painel afetivo com fotos e nomes dos alunos autistas para que todos da escola os conhe\u00e7am.<br \/><strong>Edit\u00e1vel no Canva<\/strong> (vers\u00e3o gratuita ou paga)<br \/>Acompanha <strong>tutorial passo a passo<\/strong> para facilitar a edi\u00e7\u00e3o.<\/p>\n<p>\ud83c\udf6d <strong>Tags para pirulito<\/strong><br \/>6 unidades por folha A4<br \/>Perfeitas para lembrancinhas com mensagem de inclus\u00e3o<\/p>\n<p>\ud83d\udcfd\ufe0f <strong>Tutoriais inclu\u00eddos:<\/strong><br \/>Tutorial em v\u00eddeo para <strong>edi\u00e7\u00e3o do quebra-cabe\u00e7a<\/strong><br \/>Tutorial em v\u00eddeo para <strong>montagem do painel<\/strong><\/p>\n<p>\ud83d\udda8\ufe0f\u00a0<strong>Detalhes T\u00e9cnicos:<\/strong><br \/>\ud83d\udcc2 Arquivo\u00a0<strong>100% digital<\/strong>, em PDF.<strong> Apenas fotos edit\u00e1veis (Canva Pro ou Gratuito).<\/strong><br \/>\ud83d\udeab\u00a0<strong>N\u00e3o enviamos arquivos f\u00edsicos<\/strong>\u00a0pelos Correios.<br \/>\u26a0\ufe0f\u00a0<strong>Uso pessoal<\/strong>. Proibida a venda e revenda do material f\u00edsico ou digital.<\/p>\n<p><strong>\ud83d\udce5 Como acessar seu arquivo<br \/>Ap\u00f3s a confirma\u00e7\u00e3o do pagamento, voc\u00ea poder\u00e1 baixar o seu produto de tr\u00eas formas pr\u00e1ticas:<br \/><\/strong>1\ufe0f\u20e3 Via e-mail<br \/>Voc\u00ea receber\u00e1 um e-mail com o t\u00edtulo \u201cSeu arquivo chegou\u201d.<br \/>Lembre-se de verificar tamb\u00e9m a caixa de Spam\/Lixo eletr\u00f4nico.<br \/>Para baixar, clique em todos os t\u00edtulos destacados e sublinhados na se\u00e7\u00e3o de Downloads.<br \/>2\ufe0f\u20e3 Via WhatsApp<br \/>Voc\u00ea receber\u00e1 uma mensagem autom\u00e1tica em seu WhatsApp.<br \/>Para receber o arquivo por l\u00e1, basta clicar no bot\u00e3o: \u201cRECEBER meu pedido aqui\u201d.<br \/>3\ufe0f\u20e3 Na sua \u00c1rea do Cliente (site)<br \/>Clique nas tr\u00eas linhas no canto superior esquerdo.<br \/>Acesse Minha Conta &gt; Downloads.<br \/>Baixe diretamente todos os produtos adquiridos.<br \/><strong>\ud83d\udccc Qualquer d\u00favida, nosso suporte est\u00e1 \u00e0 disposi\u00e7\u00e3o:<br \/>(11) 94050-7483.<\/strong><\/p>\n","protected":false},"excerpt":{"rendered":"<p>Transforme sua escola em um espa\u00e7o ainda mais acolhedor e emp\u00e1tico com este <strong>Kit Digital tem\u00e1tico<\/strong>, criado especialmente para trabalhar o respeito, a visibilidade e a valoriza\u00e7\u00e3o dos alunos autistas de forma l\u00fadica, sens\u00edvel e envolvente.<\/p>\n<p>Ideal para datas como <strong>Dia Mundial da Conscientiza\u00e7\u00e3o do Autismo (2 de abril)<\/strong>, Semana da Inclus\u00e3o ou a\u00e7\u00f5es permanentes de valoriza\u00e7\u00e3o da diversidade!<\/p>\n","protected":false},"featured_media":28841,"comment_status":"open","ping_status":"closed","template":"","meta":{"bwfblock_default_font":"","_uf_show_specific_survey":0,"_uf_disable_surveys":false},"product_brand":[],"product_cat":[37],"product_tag":[47],"class_list":{"0":"post-28839","1":"product","2":"type-product","3":"status-publish","4":"has-post-thumbnail","6":"product_cat-datas-comemorativas","7":"product_tag-datas-comemorativas","9":"first","10":"instock","11":"sale","12":"downloadable","13":"virtual","14":"sold-individually","15":"taxable","16":"purchasable","17":"product-type-simple"},"aioseo_notices":[],"_links":{"self":[{"href":"https:\/\/educacaocomproposito.com.br\/index.php\/wp-json\/wp\/v2\/product\/28839","targetHints":{"allow":["GET"]}}],"collection":[{"href":"https:\/\/educacaocomproposito.com.br\/index.php\/wp-json\/wp\/v2\/product"}],"about":[{"href":"https:\/\/educacaocomproposito.com.br\/index.php\/wp-json\/wp\/v2\/types\/product"}],"replies":[{"embeddable":true,"href":"https:\/\/educacaocomproposito.com.br\/index.php\/wp-json\/wp\/v2\/comments?post=28839"}],"version-history":[{"count":2,"href":"https:\/\/educacaocomproposito.com.br\/index.php\/wp-json\/wp\/v2\/product\/28839\/revisions"}],"predecessor-version":[{"id":61932,"href":"https:\/\/educacaocomproposito.com.br\/index.php\/wp-json\/wp\/v2\/product\/28839\/revisions\/61932"}],"wp:featuredmedia":[{"embeddable":true,"href":"https:\/\/educacaocomproposito.com.br\/index.php\/wp-json\/wp\/v2\/media\/28841"}],"wp:attachment":[{"href":"https:\/\/educacaocomproposito.com.br\/index.php\/wp-json\/wp\/v2\/media?parent=28839"}],"wp:term":[{"taxonomy":"product_brand","embeddable":true,"href":"https:\/\/educacaocomproposito.com.br\/index.php\/wp-json\/wp\/v2\/product_brand?post=28839"},{"taxonomy":"product_cat","embeddable":true,"href":"https:\/\/educacaocomproposito.com.br\/index.php\/wp-json\/wp\/v2\/product_cat?post=28839"},{"taxonomy":"product_tag","embeddable":true,"href":"https:\/\/educacaocomproposito.com.br\/index.php\/wp-json\/wp\/v2\/product_tag?post=28839"}],"curies":[{"name":"wp","href":"https:\/\/api.w.org\/{rel}","templated":true}]}}