{"id":37004,"date":"2025-05-09T12:43:01","date_gmt":"2025-05-09T15:43:01","guid":{"rendered":"https:\/\/educacaocomproposito.com.br\/?post_type=product&#038;p=37004"},"modified":"2026-01-13T18:08:12","modified_gmt":"2026-01-13T21:08:12","slug":"painel-interativo-para-sala-da-gestao-escolar-2025","status":"publish","type":"product","link":"https:\/\/educacaocomproposito.com.br\/index.php\/product\/painel-interativo-para-sala-da-gestao-escolar-2025\/","title":{"rendered":"Painel Interativo para Sala da Gest\u00e3o Escolar"},"content":{"rendered":"<p>\ud83e\udde9 <strong>Composi\u00e7\u00e3o do Painel:<\/strong><br \/>21 folhas A4 (estrutura base)<br \/><strong>Tamanho aproximado:<\/strong> 128x74cm<br \/><strong>Com plaquinhas laterais:<\/strong> 164x74cm<br \/>Elementos decorativos que refor\u00e7am a identidade visual da escola<br \/>\ud83d\udcbb <strong>Acompanha:<\/strong><br \/>4 modelos de quadrinhos com frases inspiradoras<br \/><strong>Tutorial de montagem completo<\/strong><br \/><strong>2 arquivos edit\u00e1veis no Canva (vers\u00e3o gratuita ou PRO):<\/strong><br \/>\u2714 Moldes de fotos em estilo polaroid<br \/>\u2714 Base de organiza\u00e7\u00e3o (grade de hor\u00e1rios, calend\u00e1rio, etc.)<\/p>\n<p>\ud83d\udd01 <strong>Totalmente adapt\u00e1vel<\/strong> \u00e0 realidade da sua escola, com espa\u00e7os prontos para atualiza\u00e7\u00f5es frequentes e personaliza\u00e7\u00e3o cont\u00ednua!<\/p>\n<p>\ud83e\ude84 Deixe sua sala de gest\u00e3o mais organizada, inspiradora e acolhedora com esse recurso essencial para o cotidiano escolar!<\/p>\n<p><strong>Detalhes T\u00e9cnicos:<\/strong><br \/>\ud83d\udcc2\u00a0<strong>Arquivo em PDF pronto para impress\u00e3o<\/strong>,\u00a0<strong>100% digital. Parcialmente Edit\u00e1vel<\/strong>.\u00a0<br \/>\u26a0\ufe0f  <strong>N\u00e3o<\/strong>\u00a0enviamos pelos\u00a0<strong>CORREIOS.<\/strong><br \/>\u26a0\ufe0f\u00a0<strong>Aten\u00e7\u00e3o:<\/strong>\u00a0Este produto\u00a0<strong>n\u00e3o \u00e9 clipart<\/strong>\u00a0e\u00a0<strong>n\u00e3o disponibilizamos a arte aberta<\/strong>. O material \u00e9 fornecido exclusivamente em\u00a0<strong>arquivos PDF<\/strong>.\u00a0<strong>Uso pessoal, proibida a venda e revenda<\/strong> do material f\u00edsico ou digital.<\/p>\n<p><strong>\ud83d\udce5 Como acessar seu arquivo<br \/>Ap\u00f3s a confirma\u00e7\u00e3o do pagamento, voc\u00ea poder\u00e1 baixar o seu produto de tr\u00eas formas pr\u00e1ticas:<br \/><\/strong>1\ufe0f\u20e3 Via e-mail<br \/>Voc\u00ea receber\u00e1 um e-mail com o t\u00edtulo \u201cSeu arquivo chegou\u201d.<br \/>Lembre-se de verificar tamb\u00e9m a caixa de Spam\/Lixo eletr\u00f4nico.<br \/>Para baixar, clique em todos os t\u00edtulos destacados e sublinhados na se\u00e7\u00e3o de Downloads.<br \/>2\ufe0f\u20e3 Via WhatsApp<br \/>Voc\u00ea receber\u00e1 uma mensagem autom\u00e1tica em seu WhatsApp.<br \/>Para receber o arquivo por l\u00e1, basta clicar no bot\u00e3o: \u201cRECEBER meu pedido aqui\u201d.<br \/>3\ufe0f\u20e3 Na sua \u00c1rea do Cliente (site)<br \/>Clique nas tr\u00eas linhas no canto superior esquerdo.<br \/>Acesse Minha Conta &gt; Downloads.<br \/>Baixe diretamente todos os produtos adquiridos.<br \/><strong>\ud83d\udccc Qualquer d\u00favida, nosso suporte est\u00e1 \u00e0 disposi\u00e7\u00e3o:<br \/>(11) 94050-7483.<\/strong><\/p>\n","protected":false},"excerpt":{"rendered":"<p>Organize, comunique e inspire com este <strong>painel interativo exclusivo<\/strong>, pensado especialmente para salas de gest\u00e3o escolar! \ud83e\udde1 Com um design funcional e acolhedor, ele <strong>torna vis\u00edvel e acess\u00edvel<\/strong> a rotina da semana, o calend\u00e1rio escolar, comunicados importantes e outras demandas do dia a dia escolar, promovendo <strong>transpar\u00eancia e fluidez na comunica\u00e7\u00e3o<\/strong> com toda a equipe.<\/p>\n","protected":false},"featured_media":37005,"comment_status":"open","ping_status":"closed","template":"","meta":{"bwfblock_default_font":"","_uf_show_specific_survey":0,"_uf_disable_surveys":false},"product_brand":[85],"product_cat":[38],"product_tag":[70,86],"class_list":{"0":"post-37004","1":"product","2":"type-product","3":"status-publish","4":"has-post-thumbnail","6":"product_brand-gestao-escolar","7":"product_cat-coordenacao-pedagogica","8":"product_tag-coordenacao-pedagogica","9":"product_tag-gestao-escolar","11":"first","12":"instock","13":"sale","14":"downloadable","15":"virtual","16":"sold-individually","17":"taxable","18":"purchasable","19":"product-type-simple"},"aioseo_notices":[],"_links":{"self":[{"href":"https:\/\/educacaocomproposito.com.br\/index.php\/wp-json\/wp\/v2\/product\/37004","targetHints":{"allow":["GET"]}}],"collection":[{"href":"https:\/\/educacaocomproposito.com.br\/index.php\/wp-json\/wp\/v2\/product"}],"about":[{"href":"https:\/\/educacaocomproposito.com.br\/index.php\/wp-json\/wp\/v2\/types\/product"}],"replies":[{"embeddable":true,"href":"https:\/\/educacaocomproposito.com.br\/index.php\/wp-json\/wp\/v2\/comments?post=37004"}],"version-history":[{"count":4,"href":"https:\/\/educacaocomproposito.com.br\/index.php\/wp-json\/wp\/v2\/product\/37004\/revisions"}],"predecessor-version":[{"id":87336,"href":"https:\/\/educacaocomproposito.com.br\/index.php\/wp-json\/wp\/v2\/product\/37004\/revisions\/87336"}],"wp:featuredmedia":[{"embeddable":true,"href":"https:\/\/educacaocomproposito.com.br\/index.php\/wp-json\/wp\/v2\/media\/37005"}],"wp:attachment":[{"href":"https:\/\/educacaocomproposito.com.br\/index.php\/wp-json\/wp\/v2\/media?parent=37004"}],"wp:term":[{"taxonomy":"product_brand","embeddable":true,"href":"https:\/\/educacaocomproposito.com.br\/index.php\/wp-json\/wp\/v2\/product_brand?post=37004"},{"taxonomy":"product_cat","embeddable":true,"href":"https:\/\/educacaocomproposito.com.br\/index.php\/wp-json\/wp\/v2\/product_cat?post=37004"},{"taxonomy":"product_tag","embeddable":true,"href":"https:\/\/educacaocomproposito.com.br\/index.php\/wp-json\/wp\/v2\/product_tag?post=37004"}],"curies":[{"name":"wp","href":"https:\/\/api.w.org\/{rel}","templated":true}]}}