{"id":37961,"date":"2025-05-17T09:15:45","date_gmt":"2025-05-17T12:15:45","guid":{"rendered":"https:\/\/educacaocomproposito.com.br\/?post_type=product&#038;p=37961"},"modified":"2025-08-25T17:15:25","modified_gmt":"2025-08-25T20:15:25","slug":"atividade-interativa-plantacao-de-alpiste-meio-ambiente","status":"publish","type":"product","link":"https:\/\/educacaocomproposito.com.br\/index.php\/product\/atividade-interativa-plantacao-de-alpiste-meio-ambiente\/","title":{"rendered":"Atividade Interativa &#8211; Planta\u00e7\u00e3o de Alpiste | Meio Ambiente"},"content":{"rendered":"<p>\ud83d\udda8\ufe0f <strong>O que acompanha:<br \/><\/strong>PDF pronto para impress\u00e3o com ilustra\u00e7\u00f5es em preto e branco<br \/>Pe\u00e7as decorativas para recortar e montar no fundo de um copo de 380ml (ou similar)<br \/>Frase inspiradora: &#8220;Preservar o meio ambiente \u00e9 agir no presente para proteger o futuro.&#8221;<\/p>\n<p>\u2728 <strong>Benef\u00edcios da atividade:<\/strong><br \/>\u2705 <strong>Engajamento<\/strong>: Atividade pr\u00e1tica que envolve e motiva os alunos.<br \/>\u2705 <strong>Conscientiza\u00e7\u00e3o<\/strong>: Ensina sobre sustentabilidade de forma l\u00fadica.<br \/>\u2705 <strong>Criatividade<\/strong>: Os alunos poder\u00e3o colorir e montar do seu jeitinho.<br \/>\u2705 <strong>Responsabilidade<\/strong>: Trabalha o cuidado com o meio ambiente de forma concreta e simb\u00f3lica.<\/p>\n<p><strong>Detalhes T\u00e9cnicos:<\/strong><br \/>\ud83d\udcc2 Arquivo em PDF pronto para impress\u00e3o, 100% digital. N\u00e3o Edit\u00e1vel.<br \/>\u26a0\ufe0f N\u00e3o enviamos pelos CORREIOS.<br \/>\u26a0\ufe0f Aten\u00e7\u00e3o: Este produto n\u00e3o \u00e9 clipart e n\u00e3o disponibilizamos a arte aberta. O material \u00e9 fornecido exclusivamente em arquivos PDF. Uso pessoal, proibida a venda e revenda do material f\u00edsico ou digital.<br \/><strong><br \/>\ud83d\udce5 Como acessar seu arquivo<br \/>Ap\u00f3s a confirma\u00e7\u00e3o do pagamento, voc\u00ea poder\u00e1 baixar o seu produto de tr\u00eas formas pr\u00e1ticas:<br \/><\/strong>1\ufe0f\u20e3 Via e-mail<br \/>Voc\u00ea receber\u00e1 um e-mail com o t\u00edtulo \u201cSeu arquivo chegou\u201d.<br \/>Lembre-se de verificar tamb\u00e9m a caixa de Spam\/Lixo eletr\u00f4nico.<br \/>Para baixar, clique em todos os t\u00edtulos destacados e sublinhados na se\u00e7\u00e3o de Downloads.<br \/>2\ufe0f\u20e3 Via WhatsApp<br \/>Voc\u00ea receber\u00e1 uma mensagem autom\u00e1tica em seu WhatsApp.<br \/>Para receber o arquivo por l\u00e1, basta clicar no bot\u00e3o: \u201cRECEBER meu pedido aqui\u201d.<br \/>3\ufe0f\u20e3 Na sua \u00c1rea do Cliente (site)<br \/>Clique nas tr\u00eas linhas no canto superior esquerdo.<br \/>Acesse Minha Conta &gt; Downloads.<br \/>Baixe diretamente todos os produtos adquiridos.<br \/><strong>\ud83d\udccc Qualquer d\u00favida, nosso suporte est\u00e1 \u00e0 disposi\u00e7\u00e3o:<br \/>(11) 94050-7483.<\/strong><\/p>\n","protected":false},"excerpt":{"rendered":"<p>Transforme um simples copo em um vaso cheio de significado! Este recurso foi criado para proporcionar uma experi\u00eancia educativa, l\u00fadica e consciente, ideal para trabalhar temas como meio ambiente, preserva\u00e7\u00e3o e responsabilidade com os alunos.<\/p>\n","protected":false},"featured_media":37962,"comment_status":"open","ping_status":"closed","template":"","meta":{"bwfblock_default_font":"","_uf_show_specific_survey":0,"_uf_disable_surveys":false},"product_brand":[],"product_cat":[37,89],"product_tag":[47,90],"class_list":{"0":"post-37961","1":"product","2":"type-product","3":"status-publish","4":"has-post-thumbnail","6":"product_cat-datas-comemorativas","7":"product_cat-meio-ambiente","8":"product_tag-datas-comemorativas","9":"product_tag-meio-ambiente","11":"first","12":"instock","13":"sale","14":"downloadable","15":"virtual","16":"sold-individually","17":"taxable","18":"purchasable","19":"product-type-simple"},"aioseo_notices":[],"_links":{"self":[{"href":"https:\/\/educacaocomproposito.com.br\/index.php\/wp-json\/wp\/v2\/product\/37961","targetHints":{"allow":["GET"]}}],"collection":[{"href":"https:\/\/educacaocomproposito.com.br\/index.php\/wp-json\/wp\/v2\/product"}],"about":[{"href":"https:\/\/educacaocomproposito.com.br\/index.php\/wp-json\/wp\/v2\/types\/product"}],"replies":[{"embeddable":true,"href":"https:\/\/educacaocomproposito.com.br\/index.php\/wp-json\/wp\/v2\/comments?post=37961"}],"version-history":[{"count":2,"href":"https:\/\/educacaocomproposito.com.br\/index.php\/wp-json\/wp\/v2\/product\/37961\/revisions"}],"predecessor-version":[{"id":61764,"href":"https:\/\/educacaocomproposito.com.br\/index.php\/wp-json\/wp\/v2\/product\/37961\/revisions\/61764"}],"wp:featuredmedia":[{"embeddable":true,"href":"https:\/\/educacaocomproposito.com.br\/index.php\/wp-json\/wp\/v2\/media\/37962"}],"wp:attachment":[{"href":"https:\/\/educacaocomproposito.com.br\/index.php\/wp-json\/wp\/v2\/media?parent=37961"}],"wp:term":[{"taxonomy":"product_brand","embeddable":true,"href":"https:\/\/educacaocomproposito.com.br\/index.php\/wp-json\/wp\/v2\/product_brand?post=37961"},{"taxonomy":"product_cat","embeddable":true,"href":"https:\/\/educacaocomproposito.com.br\/index.php\/wp-json\/wp\/v2\/product_cat?post=37961"},{"taxonomy":"product_tag","embeddable":true,"href":"https:\/\/educacaocomproposito.com.br\/index.php\/wp-json\/wp\/v2\/product_tag?post=37961"}],"curies":[{"name":"wp","href":"https:\/\/api.w.org\/{rel}","templated":true}]}}