{"id":41317,"date":"2025-06-04T20:39:47","date_gmt":"2025-06-04T23:39:47","guid":{"rendered":"https:\/\/educacaocomproposito.com.br\/?post_type=product&#038;p=41317"},"modified":"2025-08-25T16:50:16","modified_gmt":"2025-08-25T19:50:16","slug":"kit-digital-aluno-destaque-2025","status":"publish","type":"product","link":"https:\/\/educacaocomproposito.com.br\/index.php\/product\/kit-digital-aluno-destaque-2025\/","title":{"rendered":"KIT DIGITAL \u2013 ALUNO DESTAQUE 2025"},"content":{"rendered":"<p>\u2728 O que voc\u00ea vai receber:<br \/>\ud83d\udccc Painel tem\u00e1tico &#8220;Alunos Destaques&#8221; \u2013 Arquivo com 21 p\u00e1ginas A4 para montar um mural impactante e cheio de significado.<br \/>\ud83c\udfc5 Certificados edit\u00e1veis \u2013 Crie certificados personalizados no Canva (vers\u00e3o gratuita ou Pro), com nome, turma e data.<br \/>\ud83d\udcf8 Mini banner \u201cAluno Destaque da Turma\u201d \u2013 Personaliz\u00e1vel com fotos e informa\u00e7\u00f5es de cada estudante.<br \/>\ud83c\udf81 Tag para lembrancinha \u2013 Com espa\u00e7o para foto e nome do aluno, pronta para dar um toque especial ao presente.<br \/>\ud83c\udf1f Banner complementar: \u201cO pr\u00f3ximo pode ser voc\u00ea\u201d \u2013 Motive os demais estudantes com esse painel em 4 p\u00e1ginas A4. Pronto para Impress\u00e3o.<br \/>\ud83c\udfa5 Acompanha v\u00eddeos tutoriais exclusivos para auxiliar na montagem do painel e na edi\u00e7\u00e3o de todos os arquivos personaliz\u00e1veis pelo Canva (vers\u00e3o gratuita ou Pro).<\/p>\n<p><strong>Detalhes T\u00e9cnicos:<\/strong><br \/>\ud83d\udcc2 Arquivo em PDF pronto para impress\u00e3o, 100% digital. Arquivo parcialmente edit\u00e1vel no Canva Pro ou Gratuito.<br \/>\u26a0\ufe0f N\u00e3o enviamos pelos CORREIOS.<br \/>\u26a0\ufe0f Aten\u00e7\u00e3o: Este produto n\u00e3o \u00e9 clipart e n\u00e3o disponibilizamos a arte aberta. O material \u00e9 fornecido exclusivamente em arquivos PDF. Uso pessoal, proibida a venda e revenda do material f\u00edsico ou digital.<br \/><strong><br \/>\ud83d\udce5 Como acessar seu arquivo<br \/>Ap\u00f3s a confirma\u00e7\u00e3o do pagamento, voc\u00ea poder\u00e1 baixar o seu produto de tr\u00eas formas pr\u00e1ticas:<br \/><\/strong>1\ufe0f\u20e3 Via e-mail<br \/>Voc\u00ea receber\u00e1 um e-mail com o t\u00edtulo \u201cSeu arquivo chegou\u201d.<br \/>Lembre-se de verificar tamb\u00e9m a caixa de Spam\/Lixo eletr\u00f4nico.<br \/>Para baixar, clique em todos os t\u00edtulos destacados e sublinhados na se\u00e7\u00e3o de Downloads.<br \/>2\ufe0f\u20e3 Via WhatsApp<br \/>Voc\u00ea receber\u00e1 uma mensagem autom\u00e1tica em seu WhatsApp.<br \/>Para receber o arquivo por l\u00e1, basta clicar no bot\u00e3o: \u201cRECEBER meu pedido aqui\u201d.<br \/>3\ufe0f\u20e3 Na sua \u00c1rea do Cliente (site)<br \/>Clique nas tr\u00eas linhas no canto superior esquerdo.<br \/>Acesse Minha Conta &gt; Downloads.<br \/>Baixe diretamente todos os produtos adquiridos.<br \/><strong>\ud83d\udccc Qualquer d\u00favida, nosso suporte est\u00e1 \u00e0 disposi\u00e7\u00e3o:<br \/>(11) 94050-7483.<\/strong><\/p>\n","protected":false},"excerpt":{"rendered":"<p>Valorize, reconhe\u00e7a e celebre o esfor\u00e7o dos seus alunos com um material completo, pronto para transformar o reconhecimento escolar em um momento inesquec\u00edvel!<\/p>\n","protected":false},"featured_media":41319,"comment_status":"open","ping_status":"closed","template":"","meta":{"bwfblock_default_font":"","_uf_show_specific_survey":0,"_uf_disable_surveys":false},"product_brand":[],"product_cat":[38],"product_tag":[97,70],"class_list":{"0":"post-41317","1":"product","2":"type-product","3":"status-publish","4":"has-post-thumbnail","6":"product_cat-coordenacao-pedagogica","7":"product_tag-aluno-destaque","8":"product_tag-coordenacao-pedagogica","10":"first","11":"instock","12":"sale","13":"downloadable","14":"virtual","15":"sold-individually","16":"taxable","17":"purchasable","18":"product-type-simple"},"aioseo_notices":[],"_links":{"self":[{"href":"https:\/\/educacaocomproposito.com.br\/index.php\/wp-json\/wp\/v2\/product\/41317","targetHints":{"allow":["GET"]}}],"collection":[{"href":"https:\/\/educacaocomproposito.com.br\/index.php\/wp-json\/wp\/v2\/product"}],"about":[{"href":"https:\/\/educacaocomproposito.com.br\/index.php\/wp-json\/wp\/v2\/types\/product"}],"replies":[{"embeddable":true,"href":"https:\/\/educacaocomproposito.com.br\/index.php\/wp-json\/wp\/v2\/comments?post=41317"}],"version-history":[{"count":2,"href":"https:\/\/educacaocomproposito.com.br\/index.php\/wp-json\/wp\/v2\/product\/41317\/revisions"}],"predecessor-version":[{"id":61752,"href":"https:\/\/educacaocomproposito.com.br\/index.php\/wp-json\/wp\/v2\/product\/41317\/revisions\/61752"}],"wp:featuredmedia":[{"embeddable":true,"href":"https:\/\/educacaocomproposito.com.br\/index.php\/wp-json\/wp\/v2\/media\/41319"}],"wp:attachment":[{"href":"https:\/\/educacaocomproposito.com.br\/index.php\/wp-json\/wp\/v2\/media?parent=41317"}],"wp:term":[{"taxonomy":"product_brand","embeddable":true,"href":"https:\/\/educacaocomproposito.com.br\/index.php\/wp-json\/wp\/v2\/product_brand?post=41317"},{"taxonomy":"product_cat","embeddable":true,"href":"https:\/\/educacaocomproposito.com.br\/index.php\/wp-json\/wp\/v2\/product_cat?post=41317"},{"taxonomy":"product_tag","embeddable":true,"href":"https:\/\/educacaocomproposito.com.br\/index.php\/wp-json\/wp\/v2\/product_tag?post=41317"}],"curies":[{"name":"wp","href":"https:\/\/api.w.org\/{rel}","templated":true}]}}