{"id":41499,"date":"2025-06-05T10:40:25","date_gmt":"2025-06-05T13:40:25","guid":{"rendered":"https:\/\/educacaocomproposito.com.br\/?post_type=product&#038;p=41499"},"modified":"2025-08-25T16:48:56","modified_gmt":"2025-08-25T19:48:56","slug":"kit-de-acolhimento-para-professores-estilo-arraia","status":"publish","type":"product","link":"https:\/\/educacaocomproposito.com.br\/index.php\/product\/kit-de-acolhimento-para-professores-estilo-arraia\/","title":{"rendered":"Kit de Acolhimento para Professores e Equipe Escolar \u2013 Estilo Arrai\u00e1"},"content":{"rendered":"<p>\u2728 <strong>O que voc\u00ea vai encontrar no kit:<\/strong><br \/>\ud83c\udfa8 2 modelos de <strong>Painel tem\u00e1tico <\/strong>incluso: Para Professores e Para Equipe<br \/>Medida da bandeirola central: <strong>54&#215;63 cm<\/strong><br \/>Painel completo: <strong>170&#215;77 cm<\/strong> \u2013 pronto para imprimir e montar com impacto visual!<br \/>\ud83d\udccc <strong>Itens inclusos:<\/strong><br \/>Plaquinhas tem\u00e1ticas com frases simb\u00f3licas<br \/>Bandeirinhas personalizadas para decorar e encantar<br \/>Elementos juninos: <strong>mulher caipira, bal\u00e3o, girassol e mais!<\/strong><br \/><strong>Din\u00e2mica &#8220;Correio Caipira&#8221;<\/strong> \u2013 fortalece os la\u00e7os e promove afeto entre os professores<br \/><strong>Tag para pa\u00e7oca<\/strong> com lettering afetivo + <strong>texto tem\u00e1tico para lembrancinha<\/strong>.<br \/>\ud83d\udcc4 <strong>Arquivo completo com 22 p\u00e1ginas prontas para imprimir<\/strong><br \/>\ud83c\udfa8 Inclui vers\u00e3o digital e link edit\u00e1vel no Canva para personaliza\u00e7\u00e3o!<\/p>\n<p><strong>Detalhes T\u00e9cnicos:<\/strong><br \/>\ud83d\udcc2 Arquivo em PDF pronto para impress\u00e3o, 100% digital. N\u00e3o Edit\u00e1vel.<br \/>\u26a0\ufe0f N\u00e3o enviamos pelos CORREIOS.<br \/>\u26a0\ufe0f Aten\u00e7\u00e3o: Este produto n\u00e3o \u00e9 clipart e n\u00e3o disponibilizamos a arte aberta. O material \u00e9 fornecido exclusivamente em arquivos PDF. Uso pessoal, proibida a venda e revenda do material f\u00edsico ou digital.<br \/><strong><br \/>\ud83d\udce5 Como acessar seu arquivo<br \/>Ap\u00f3s a confirma\u00e7\u00e3o do pagamento, voc\u00ea poder\u00e1 baixar o seu produto de tr\u00eas formas pr\u00e1ticas:<br \/><\/strong>1\ufe0f\u20e3 Via e-mail<br \/>Voc\u00ea receber\u00e1 um e-mail com o t\u00edtulo \u201cSeu arquivo chegou\u201d.<br \/>Lembre-se de verificar tamb\u00e9m a caixa de Spam\/Lixo eletr\u00f4nico.<br \/>Para baixar, clique em todos os t\u00edtulos destacados e sublinhados na se\u00e7\u00e3o de Downloads.<br \/>2\ufe0f\u20e3 Via WhatsApp<br \/>Voc\u00ea receber\u00e1 uma mensagem autom\u00e1tica em seu WhatsApp.<br \/>Para receber o arquivo por l\u00e1, basta clicar no bot\u00e3o: \u201cRECEBER meu pedido aqui\u201d.<br \/>3\ufe0f\u20e3 Na sua \u00c1rea do Cliente (site)<br \/>Clique nas tr\u00eas linhas no canto superior esquerdo.<br \/>Acesse Minha Conta &gt; Downloads.<br \/>Baixe diretamente todos os produtos adquiridos.<br \/><strong>\ud83d\udccc Qualquer d\u00favida, nosso suporte est\u00e1 \u00e0 disposi\u00e7\u00e3o:<br \/>(11) 94050-7483.<\/strong><\/p>\n","protected":false},"excerpt":{"rendered":"<p>Receba sua equipe com alegria, afeto e muito forr\u00f3 no cora\u00e7\u00e3o!<\/p>\n","protected":false},"featured_media":41673,"comment_status":"open","ping_status":"closed","template":"","meta":{"bwfblock_default_font":"","_uf_show_specific_survey":0,"_uf_disable_surveys":false},"product_brand":[],"product_cat":[38,37,91],"product_tag":[93,70,92],"class_list":{"0":"post-41499","1":"product","2":"type-product","3":"status-publish","4":"has-post-thumbnail","6":"product_cat-coordenacao-pedagogica","7":"product_cat-datas-comemorativas","8":"product_cat-festa-junina","9":"product_tag-arraia","10":"product_tag-coordenacao-pedagogica","11":"product_tag-festa-junina","13":"first","14":"instock","15":"sale","16":"downloadable","17":"virtual","18":"sold-individually","19":"taxable","20":"purchasable","21":"product-type-simple"},"aioseo_notices":[],"_links":{"self":[{"href":"https:\/\/educacaocomproposito.com.br\/index.php\/wp-json\/wp\/v2\/product\/41499","targetHints":{"allow":["GET"]}}],"collection":[{"href":"https:\/\/educacaocomproposito.com.br\/index.php\/wp-json\/wp\/v2\/product"}],"about":[{"href":"https:\/\/educacaocomproposito.com.br\/index.php\/wp-json\/wp\/v2\/types\/product"}],"replies":[{"embeddable":true,"href":"https:\/\/educacaocomproposito.com.br\/index.php\/wp-json\/wp\/v2\/comments?post=41499"}],"version-history":[{"count":3,"href":"https:\/\/educacaocomproposito.com.br\/index.php\/wp-json\/wp\/v2\/product\/41499\/revisions"}],"predecessor-version":[{"id":61751,"href":"https:\/\/educacaocomproposito.com.br\/index.php\/wp-json\/wp\/v2\/product\/41499\/revisions\/61751"}],"wp:featuredmedia":[{"embeddable":true,"href":"https:\/\/educacaocomproposito.com.br\/index.php\/wp-json\/wp\/v2\/media\/41673"}],"wp:attachment":[{"href":"https:\/\/educacaocomproposito.com.br\/index.php\/wp-json\/wp\/v2\/media?parent=41499"}],"wp:term":[{"taxonomy":"product_brand","embeddable":true,"href":"https:\/\/educacaocomproposito.com.br\/index.php\/wp-json\/wp\/v2\/product_brand?post=41499"},{"taxonomy":"product_cat","embeddable":true,"href":"https:\/\/educacaocomproposito.com.br\/index.php\/wp-json\/wp\/v2\/product_cat?post=41499"},{"taxonomy":"product_tag","embeddable":true,"href":"https:\/\/educacaocomproposito.com.br\/index.php\/wp-json\/wp\/v2\/product_tag?post=41499"}],"curies":[{"name":"wp","href":"https:\/\/api.w.org\/{rel}","templated":true}]}}