{"id":4276,"date":"2024-11-10T09:44:36","date_gmt":"2024-11-10T12:44:36","guid":{"rendered":"https:\/\/educacaocomproposito.com.br\/?post_type=product&#038;p=4276"},"modified":"2025-08-26T15:06:57","modified_gmt":"2025-08-26T18:06:57","slug":"confraternizacao-de-fim-de-ano-letivo-arquivo-digital","status":"publish","type":"product","link":"https:\/\/educacaocomproposito.com.br\/index.php\/product\/confraternizacao-de-fim-de-ano-letivo-arquivo-digital\/","title":{"rendered":"Confraterniza\u00e7\u00e3o de Fim de Ano Letivo &#8211; Arquivo Digital"},"content":{"rendered":"<p><strong>O kit inclui:<\/strong><br \/><strong>Painel Personalizado:<\/strong> Um painel tem\u00e1tico de fim de ano com espa\u00e7o para fotos que podem ser facilmente editadas no Canva (gratuito ou pago), permitindo a personaliza\u00e7\u00e3o com imagens da equipe e momentos marcantes. Medida Aprox: 110x80cm.<br \/><strong>Cantinho da Dedica\u00e7\u00e3o:<\/strong> Inclui cartinhas de dedicat\u00f3ria personalizadas, onde pode ser deixado uma mensagem para o  colaborador, tornando a celebra\u00e7\u00e3o ainda mais especial e pessoal.<br \/><strong>Cantinho dos Desejos:<\/strong> Uma \u00e1rea especial onde os professores e colaboradores podem retirar tiras de papel com palavras inspiradoras, como \u201cpaz,\u201d \u201cgratid\u00e3o,\u201d e \u201cesperan\u00e7a,\u201d simbolizando os desejos para o pr\u00f3ximo ano.<br \/><strong>Mural de Fotos:<\/strong> Al\u00e9m do painel principal, o mural permite adicionar fotos de forma pr\u00e1tica, editando diretamente no Canva, para celebrar os momentos vividos durante o ano.<br \/><strong>Lembrancinhas Personalizadas:<\/strong> Dois modelos de lembran\u00e7as encantadoras, com um porta-caneca e um envelope para KitKat, tudo personalizado com a tem\u00e1tica de final de ano, para agradecer a todos que fizeram parte da jornada.<br \/><strong>Din\u00e2mica de C\u00e1psula do Tempo &#8211; Retrospectiva e Prop\u00f3sitos para o Futuro:<\/strong> Uma atividade reflexiva onde cada participante escreve seus aprendizados e desejos para o pr\u00f3ximo ano, guardando esses momentos em uma c\u00e1psula do tempo que ser\u00e1 aberta na pr\u00f3xima confraterniza\u00e7\u00e3o.<\/p>\n<p><strong>Detalhes T\u00e9cnicos:<\/strong><br \/>Arquivo 100% digital, pronto para impress\u00e3o. Alguns itens podem ser editados atrav\u00e9s do Cana Pago ou Gratuito. N\u00c3O ENVIAMOS PELOS CORREIOS.<\/p>\n<p><strong>\ud83d\udce5 Como acessar seu arquivo<br \/>Ap\u00f3s a confirma\u00e7\u00e3o do pagamento, voc\u00ea poder\u00e1 baixar o seu produto de tr\u00eas formas pr\u00e1ticas:<br \/><\/strong>1\ufe0f\u20e3 Via e-mail<br \/>Voc\u00ea receber\u00e1 um e-mail com o t\u00edtulo \u201cSeu arquivo chegou\u201d.<br \/>Lembre-se de verificar tamb\u00e9m a caixa de Spam\/Lixo eletr\u00f4nico.<br \/>Para baixar, clique em todos os t\u00edtulos destacados e sublinhados na se\u00e7\u00e3o de Downloads.<br \/>2\ufe0f\u20e3 Via WhatsApp<br \/>Voc\u00ea receber\u00e1 uma mensagem autom\u00e1tica em seu WhatsApp.<br \/>Para receber o arquivo por l\u00e1, basta clicar no bot\u00e3o: \u201cRECEBER meu pedido aqui\u201d.<br \/>3\ufe0f\u20e3 Na sua \u00c1rea do Cliente (site)<br \/>Clique nas tr\u00eas linhas no canto superior esquerdo.<br \/>Acesse Minha Conta &gt; Downloads.<br \/>Baixe diretamente todos os produtos adquiridos.<br \/><strong>\ud83d\udccc Qualquer d\u00favida, nosso suporte est\u00e1 \u00e0 disposi\u00e7\u00e3o:<br \/>(11) 94050-7483.<\/strong><\/p>\n","protected":false},"excerpt":{"rendered":"<p>Celebre o encerramento do ano letivo com um toque especial! Este arquivo digital traz uma proposta completa de confraterniza\u00e7\u00e3o para professores e colaboradores, ideal para eternizar momentos e refor\u00e7ar os la\u00e7os da equipe.<\/p>\n","protected":false},"featured_media":4287,"comment_status":"open","ping_status":"closed","template":"","meta":{"bwfblock_default_font":"","_uf_show_specific_survey":0,"_uf_disable_surveys":false},"product_brand":[],"product_cat":[38,37],"product_tag":[47],"class_list":{"0":"post-4276","1":"product","2":"type-product","3":"status-publish","4":"has-post-thumbnail","6":"product_cat-coordenacao-pedagogica","7":"product_cat-datas-comemorativas","8":"product_tag-datas-comemorativas","10":"first","11":"instock","12":"sale","13":"downloadable","14":"virtual","15":"sold-individually","16":"purchasable","17":"product-type-simple"},"aioseo_notices":[],"_links":{"self":[{"href":"https:\/\/educacaocomproposito.com.br\/index.php\/wp-json\/wp\/v2\/product\/4276","targetHints":{"allow":["GET"]}}],"collection":[{"href":"https:\/\/educacaocomproposito.com.br\/index.php\/wp-json\/wp\/v2\/product"}],"about":[{"href":"https:\/\/educacaocomproposito.com.br\/index.php\/wp-json\/wp\/v2\/types\/product"}],"replies":[{"embeddable":true,"href":"https:\/\/educacaocomproposito.com.br\/index.php\/wp-json\/wp\/v2\/comments?post=4276"}],"version-history":[{"count":3,"href":"https:\/\/educacaocomproposito.com.br\/index.php\/wp-json\/wp\/v2\/product\/4276\/revisions"}],"predecessor-version":[{"id":62009,"href":"https:\/\/educacaocomproposito.com.br\/index.php\/wp-json\/wp\/v2\/product\/4276\/revisions\/62009"}],"wp:featuredmedia":[{"embeddable":true,"href":"https:\/\/educacaocomproposito.com.br\/index.php\/wp-json\/wp\/v2\/media\/4287"}],"wp:attachment":[{"href":"https:\/\/educacaocomproposito.com.br\/index.php\/wp-json\/wp\/v2\/media?parent=4276"}],"wp:term":[{"taxonomy":"product_brand","embeddable":true,"href":"https:\/\/educacaocomproposito.com.br\/index.php\/wp-json\/wp\/v2\/product_brand?post=4276"},{"taxonomy":"product_cat","embeddable":true,"href":"https:\/\/educacaocomproposito.com.br\/index.php\/wp-json\/wp\/v2\/product_cat?post=4276"},{"taxonomy":"product_tag","embeddable":true,"href":"https:\/\/educacaocomproposito.com.br\/index.php\/wp-json\/wp\/v2\/product_tag?post=4276"}],"curies":[{"name":"wp","href":"https:\/\/api.w.org\/{rel}","templated":true}]}}