{"id":45878,"date":"2025-06-23T14:15:42","date_gmt":"2025-06-23T17:15:42","guid":{"rendered":"https:\/\/educacaocomproposito.com.br\/?post_type=product&#038;p=45878"},"modified":"2025-08-25T16:41:34","modified_gmt":"2025-08-25T19:41:34","slug":"ferias-na-sacola-kit-interativo-para-familias","status":"publish","type":"product","link":"https:\/\/educacaocomproposito.com.br\/index.php\/product\/ferias-na-sacola-kit-interativo-para-familias\/","title":{"rendered":"F\u00e9rias na Sacola \u2013 Kit Interativo para Fam\u00edlias 2025"},"content":{"rendered":"<p>Este produto cont\u00e9m:<br \/>\u2705 <strong>1 sacola interativa (formato A4)<\/strong><br \/>Com ilustra\u00e7\u00e3o l\u00fadica, mensagem aos pais e <strong>QR Code<\/strong> que d\u00e1 acesso direto a um material exclusivo com sugest\u00f5es de atividades para as f\u00e9rias.<br \/>\ud83d\udcf2 <strong>Acesso a um PDF completo<\/strong><br \/>Mais de <strong>20 sugest\u00f5es <\/strong> para curtir em casa com criatividade, presen\u00e7a e imagina\u00e7\u00e3o.<br \/>\ud83c\udfb2 <strong>9 cards de brincadeiras<\/strong><br \/>\u26a0\ufe0f**ATEN\u00c7\u00c3O**: O card com a palavra &#8220;PIQUENIQUE&#8221; j\u00e1 foi corrigido no arquivo.<br \/>Cada card traz o passo a passo de uma atividade divertida, pensada para ser feita em fam\u00edlia, com instru\u00e7\u00f5es claras e linguagem leve.<br \/>\ud83c\udf81 <strong>B\u00f4nus especial:<\/strong><br \/>Recadinho para colar na agenda ou colocar na sacolinha com espa\u00e7o para <strong>data de in\u00edcio e t\u00e9rmino das f\u00e9rias<\/strong> \u2014 perfeito para personalizar o momento e marcar o in\u00edcio da jornada de descanso!<\/p>\n<p><strong>Detalhes T\u00e9cnicos:<\/strong><br \/>\ud83d\udcc2 Arquivo em PDF pronto para impress\u00e3o, 100% digital. Arquivo N\u00c3O EDIT\u00c1VEL.<br \/>\u26a0\ufe0f N\u00e3o enviamos pelos CORREIOS.<br \/>\u26a0\ufe0f Aten\u00e7\u00e3o: Este produto n\u00e3o \u00e9 clipart e n\u00e3o disponibilizamos a arte aberta. O material \u00e9 fornecido exclusivamente em arquivos PDF. Uso pessoal, proibida a venda e revenda do material f\u00edsico ou digital.<\/p>\n<p><strong>\ud83d\udce5 Como acessar seu arquivo<br \/>Ap\u00f3s a confirma\u00e7\u00e3o do pagamento, voc\u00ea poder\u00e1 baixar o seu produto de tr\u00eas formas pr\u00e1ticas:<br \/><\/strong>1\ufe0f\u20e3 Via e-mail<br \/>Voc\u00ea receber\u00e1 um e-mail com o t\u00edtulo \u201cSeu arquivo chegou\u201d.<br \/>Lembre-se de verificar tamb\u00e9m a caixa de Spam\/Lixo eletr\u00f4nico.<br \/>Para baixar, clique em todos os t\u00edtulos destacados e sublinhados na se\u00e7\u00e3o de Downloads.<br \/>2\ufe0f\u20e3 Via WhatsApp<br \/>Voc\u00ea receber\u00e1 uma mensagem autom\u00e1tica em seu WhatsApp.<br \/>Para receber o arquivo por l\u00e1, basta clicar no bot\u00e3o: \u201cRECEBER meu pedido aqui\u201d.<br \/>3\ufe0f\u20e3 Na sua \u00c1rea do Cliente (site)<br \/>Clique nas tr\u00eas linhas no canto superior esquerdo.<br \/>Acesse Minha Conta &gt; Downloads.<br \/>Baixe diretamente todos os produtos adquiridos.<br \/><strong>\ud83d\udccc Qualquer d\u00favida, nosso suporte est\u00e1 \u00e0 disposi\u00e7\u00e3o:<br \/>(11) 94050-7483.<\/strong><\/p>\n","protected":false},"excerpt":{"rendered":"<p>Torne as f\u00e9rias do seus alunos ainda mais especiais com este kit criativo e afetivo pensado para fortalecer os la\u00e7os em fam\u00edlia atrav\u00e9s de momentos de divers\u00e3o longe das telas!<\/p>\n","protected":false},"featured_media":44779,"comment_status":"open","ping_status":"closed","template":"","meta":{"bwfblock_default_font":"","_uf_show_specific_survey":0,"_uf_disable_surveys":false},"product_brand":[],"product_cat":[37,98],"product_tag":[47,99],"class_list":{"0":"post-45878","1":"product","2":"type-product","3":"status-publish","4":"has-post-thumbnail","6":"product_cat-datas-comemorativas","7":"product_cat-ferias-escolares","8":"product_tag-datas-comemorativas","9":"product_tag-ferias-escolares","11":"first","12":"instock","13":"sale","14":"downloadable","15":"virtual","16":"sold-individually","17":"taxable","18":"purchasable","19":"product-type-simple"},"aioseo_notices":[],"_links":{"self":[{"href":"https:\/\/educacaocomproposito.com.br\/index.php\/wp-json\/wp\/v2\/product\/45878","targetHints":{"allow":["GET"]}}],"collection":[{"href":"https:\/\/educacaocomproposito.com.br\/index.php\/wp-json\/wp\/v2\/product"}],"about":[{"href":"https:\/\/educacaocomproposito.com.br\/index.php\/wp-json\/wp\/v2\/types\/product"}],"replies":[{"embeddable":true,"href":"https:\/\/educacaocomproposito.com.br\/index.php\/wp-json\/wp\/v2\/comments?post=45878"}],"version-history":[{"count":4,"href":"https:\/\/educacaocomproposito.com.br\/index.php\/wp-json\/wp\/v2\/product\/45878\/revisions"}],"predecessor-version":[{"id":61746,"href":"https:\/\/educacaocomproposito.com.br\/index.php\/wp-json\/wp\/v2\/product\/45878\/revisions\/61746"}],"wp:featuredmedia":[{"embeddable":true,"href":"https:\/\/educacaocomproposito.com.br\/index.php\/wp-json\/wp\/v2\/media\/44779"}],"wp:attachment":[{"href":"https:\/\/educacaocomproposito.com.br\/index.php\/wp-json\/wp\/v2\/media?parent=45878"}],"wp:term":[{"taxonomy":"product_brand","embeddable":true,"href":"https:\/\/educacaocomproposito.com.br\/index.php\/wp-json\/wp\/v2\/product_brand?post=45878"},{"taxonomy":"product_cat","embeddable":true,"href":"https:\/\/educacaocomproposito.com.br\/index.php\/wp-json\/wp\/v2\/product_cat?post=45878"},{"taxonomy":"product_tag","embeddable":true,"href":"https:\/\/educacaocomproposito.com.br\/index.php\/wp-json\/wp\/v2\/product_tag?post=45878"}],"curies":[{"name":"wp","href":"https:\/\/api.w.org\/{rel}","templated":true}]}}