{"id":49291,"date":"2025-07-08T20:22:41","date_gmt":"2025-07-08T23:22:41","guid":{"rendered":"https:\/\/educacaocomproposito.com.br\/?post_type=product&#038;p=49291"},"modified":"2025-08-25T16:33:56","modified_gmt":"2025-08-25T19:33:56","slug":"kit-volta-as-aulas-2o-semestre-tema-abelhinha","status":"publish","type":"product","link":"https:\/\/educacaocomproposito.com.br\/index.php\/product\/kit-volta-as-aulas-2o-semestre-tema-abelhinha\/","title":{"rendered":"Kit Volta \u00e0s Aulas \u2013 2\u00ba Semestre &#8211; Tema: Abelhinha"},"content":{"rendered":"<p>O que voc\u00ea encontra neste kit:<br \/>\u2728 Painel tem\u00e1tico de boas-vindas ao 2\u00ba semestre, com visual leve, colorido e cheio de significado.<br \/>\u2013 Medida aproximada do painel base: 1,10x78cm<br \/>\u2013 Painel completo composto por 41 p\u00e1ginas A4 para impress\u00e3o.<br \/>\u2013 Acompanha tutorial de montagem de todos os itens do painel, facilitando o processo de aplica\u00e7\u00e3o.<br \/>\ud83c\udf81 Lembrancinha \u201cPote de Carinho\u201d (2 unidades por folha A4)<br \/>\u2013 Ideal para presentear cada aluno de forma afetuosa e especial.<br \/>\ud83d\udcce Arquivo 100% digital e pronto para impress\u00e3o.<br \/>Utilize papel A4 e imprima na escola, em casa ou na gr\u00e1fica da sua prefer\u00eancia.<\/p>\n<p><strong>Detalhes T\u00e9cnicos:<\/strong><br \/>\ud83d\udcc2 Arquivo em PDF pronto para impress\u00e3o, 100% digital. Arquivo N\u00c3O EDIT\u00c1VEL.<br \/>\u26a0\ufe0f N\u00e3o enviamos pelos CORREIOS.<br \/>\u26a0\ufe0f Aten\u00e7\u00e3o: Este produto n\u00e3o \u00e9 clipart e n\u00e3o disponibilizamos a arte aberta. O material \u00e9 fornecido exclusivamente em arquivos PDF. Uso pessoal, proibida a venda e revenda do material f\u00edsico ou digital.<br \/><strong><br \/>\ud83d\udce5 Como acessar seu arquivo<br \/>Ap\u00f3s a confirma\u00e7\u00e3o do pagamento, voc\u00ea poder\u00e1 baixar o seu produto de tr\u00eas formas pr\u00e1ticas:<br \/><\/strong>1\ufe0f\u20e3 Via e-mail<br \/>Voc\u00ea receber\u00e1 um e-mail com o t\u00edtulo \u201cSeu arquivo chegou\u201d.<br \/>Lembre-se de verificar tamb\u00e9m a caixa de Spam\/Lixo eletr\u00f4nico.<br \/>Para baixar, clique em todos os t\u00edtulos destacados e sublinhados na se\u00e7\u00e3o de Downloads.<br \/>2\ufe0f\u20e3 Via WhatsApp<br \/>Voc\u00ea receber\u00e1 uma mensagem autom\u00e1tica em seu WhatsApp.<br \/>Para receber o arquivo por l\u00e1, basta clicar no bot\u00e3o: \u201cRECEBER meu pedido aqui\u201d.<br \/>3\ufe0f\u20e3 Na sua \u00c1rea do Cliente (site)<br \/>Clique nas tr\u00eas linhas no canto superior esquerdo.<br \/>Acesse Minha Conta &gt; Downloads.<br \/>Baixe diretamente todos os produtos adquiridos.<br \/><strong>\ud83d\udccc Qualquer d\u00favida, nosso suporte est\u00e1 \u00e0 disposi\u00e7\u00e3o:<br \/>(11) 94050-7483.<\/strong><\/p>\n","protected":false},"excerpt":{"rendered":"<p>Receba seus alunos com do\u00e7ura, cor e acolhimento!<br \/>Este kit foi pensado com carinho para tornar o retorno \u00e0s aulas ainda mais especial, valorizando o pertencimento e a import\u00e2ncia de cada aluno neste novo ciclo.<\/p>\n","protected":false},"featured_media":49297,"comment_status":"open","ping_status":"closed","template":"","meta":{"bwfblock_default_font":"","_uf_show_specific_survey":0,"_uf_disable_surveys":false},"product_brand":[],"product_cat":[37,71],"product_tag":[47,52],"class_list":{"0":"post-49291","1":"product","2":"type-product","3":"status-publish","4":"has-post-thumbnail","6":"product_cat-datas-comemorativas","7":"product_cat-volta-as-aulas","8":"product_tag-datas-comemorativas","9":"product_tag-volta-as-aulas","11":"first","12":"instock","13":"sale","14":"downloadable","15":"virtual","16":"sold-individually","17":"taxable","18":"purchasable","19":"product-type-simple"},"aioseo_notices":[],"_links":{"self":[{"href":"https:\/\/educacaocomproposito.com.br\/index.php\/wp-json\/wp\/v2\/product\/49291","targetHints":{"allow":["GET"]}}],"collection":[{"href":"https:\/\/educacaocomproposito.com.br\/index.php\/wp-json\/wp\/v2\/product"}],"about":[{"href":"https:\/\/educacaocomproposito.com.br\/index.php\/wp-json\/wp\/v2\/types\/product"}],"replies":[{"embeddable":true,"href":"https:\/\/educacaocomproposito.com.br\/index.php\/wp-json\/wp\/v2\/comments?post=49291"}],"version-history":[{"count":3,"href":"https:\/\/educacaocomproposito.com.br\/index.php\/wp-json\/wp\/v2\/product\/49291\/revisions"}],"predecessor-version":[{"id":61738,"href":"https:\/\/educacaocomproposito.com.br\/index.php\/wp-json\/wp\/v2\/product\/49291\/revisions\/61738"}],"wp:featuredmedia":[{"embeddable":true,"href":"https:\/\/educacaocomproposito.com.br\/index.php\/wp-json\/wp\/v2\/media\/49297"}],"wp:attachment":[{"href":"https:\/\/educacaocomproposito.com.br\/index.php\/wp-json\/wp\/v2\/media?parent=49291"}],"wp:term":[{"taxonomy":"product_brand","embeddable":true,"href":"https:\/\/educacaocomproposito.com.br\/index.php\/wp-json\/wp\/v2\/product_brand?post=49291"},{"taxonomy":"product_cat","embeddable":true,"href":"https:\/\/educacaocomproposito.com.br\/index.php\/wp-json\/wp\/v2\/product_cat?post=49291"},{"taxonomy":"product_tag","embeddable":true,"href":"https:\/\/educacaocomproposito.com.br\/index.php\/wp-json\/wp\/v2\/product_tag?post=49291"}],"curies":[{"name":"wp","href":"https:\/\/api.w.org\/{rel}","templated":true}]}}