{"id":56105,"date":"2025-08-05T19:51:38","date_gmt":"2025-08-05T22:51:38","guid":{"rendered":"https:\/\/educacaocomproposito.com.br\/?post_type=product&#038;p=56105"},"modified":"2025-08-25T16:07:50","modified_gmt":"2025-08-25T19:07:50","slug":"kit-dia-dos-estudantes-fund-ii-e-ensino-medio-2025","status":"publish","type":"product","link":"https:\/\/educacaocomproposito.com.br\/index.php\/product\/kit-dia-dos-estudantes-fund-ii-e-ensino-medio-2025\/","title":{"rendered":"Kit &#8211; Dia dos Estudantes (Fund II e Ensino M\u00e9dio) 2025"},"content":{"rendered":"<p>\ud83d\udce6 <strong>O que voc\u00ea recebe no kit:<\/strong><br \/>\u2705 Painel tem\u00e1tico estilo manchete de jornal \u2013 21 folhas A4<br \/>\u2705 Faixa \u201cFeliz Dia do Estudante\u201d \u2013 7 folhas A4<br \/>\u2705 4 plaquinhas com mensagens inspiradoras<br \/>\u2705 2 mini ilustra\u00e7\u00f5es extras para compor o painel<br \/>\u2705 Tag interativa com ca\u00e7a-palavras como lembrancinha<br \/>\u2705 + de 10 ideias de din\u00e2micas e gincanas prontas para aplicar!<br \/>\ud83d\udca1 Acompanha tutorial de montagem para facilitar.<br \/>\ud83d\udda8\ufe0f Pode ser impresso em impressora comum!<br \/>\ud83d\udcda Engajamento, reflex\u00e3o e divers\u00e3o garantidos!<\/p>\n<p><strong>Detalhes T\u00e9cnicos:<br \/><\/strong>\ud83d\udcc2 Arquivo em PDF pronto para impress\u00e3o, 100% digital. Arquivo N\u00c3O EDIT\u00c1VEL.<br \/>\u26a0\ufe0f N\u00e3o enviamos pelos CORREIOS.<br \/>\u26a0\ufe0f Aten\u00e7\u00e3o: Este produto n\u00e3o \u00e9 clipart e n\u00e3o disponibilizamos a arte aberta. O material \u00e9 fornecido exclusivamente em arquivos PDF. Uso pessoal, proibida a venda e revenda do material f\u00edsico ou digital.<\/p>\n<p><strong>\ud83d\udce5 Como acessar seu arquivo<br \/>Ap\u00f3s a confirma\u00e7\u00e3o do pagamento, voc\u00ea poder\u00e1 baixar o seu produto de tr\u00eas formas pr\u00e1ticas:<br \/><\/strong>1\ufe0f\u20e3 Via e-mail<br \/>Voc\u00ea receber\u00e1 um e-mail com o t\u00edtulo \u201cSeu arquivo chegou\u201d.<br \/>Lembre-se de verificar tamb\u00e9m a caixa de Spam\/Lixo eletr\u00f4nico.<br \/>Para baixar, clique em todos os t\u00edtulos destacados e sublinhados na se\u00e7\u00e3o de Downloads.<br \/>2\ufe0f\u20e3 Via WhatsApp<br \/>Voc\u00ea receber\u00e1 uma mensagem autom\u00e1tica em seu WhatsApp.<br \/>Para receber o arquivo por l\u00e1, basta clicar no bot\u00e3o: \u201cRECEBER meu pedido aqui\u201d.<br \/>3\ufe0f\u20e3 Na sua \u00c1rea do Cliente (site)<br \/>Clique nas tr\u00eas linhas no canto superior esquerdo.<br \/>Acesse Minha Conta &gt; Downloads.<br \/>Baixe diretamente todos os produtos adquiridos.<br \/><strong>\ud83d\udccc Qualquer d\u00favida, nosso suporte est\u00e1 \u00e0 disposi\u00e7\u00e3o:<br \/>(11) 94050-7483.<\/strong><\/p>\n","protected":false},"excerpt":{"rendered":"<p>Celebre o Dia do Estudante com um material completo, criativo e significativo!<br \/>Este kit digital inclui um painel tem\u00e1tico estilo manchete de jornal, faixa personalizada, plaquinhas motivacionais, lembrancinha interativa com ca\u00e7a-palavras e mais de 10 sugest\u00f5es de gincanas divertidas.<\/p>\n","protected":false},"featured_media":56087,"comment_status":"open","ping_status":"closed","template":"","meta":{"bwfblock_default_font":"","_uf_show_specific_survey":0,"_uf_disable_surveys":false},"product_brand":[],"product_cat":[37,51],"product_tag":[47,50],"class_list":{"0":"post-56105","1":"product","2":"type-product","3":"status-publish","4":"has-post-thumbnail","6":"product_cat-datas-comemorativas","7":"product_cat-dia-do-estudante","8":"product_tag-datas-comemorativas","9":"product_tag-dia-do-estudante","11":"first","12":"instock","13":"sale","14":"downloadable","15":"virtual","16":"sold-individually","17":"taxable","18":"purchasable","19":"product-type-simple"},"aioseo_notices":[],"_links":{"self":[{"href":"https:\/\/educacaocomproposito.com.br\/index.php\/wp-json\/wp\/v2\/product\/56105","targetHints":{"allow":["GET"]}}],"collection":[{"href":"https:\/\/educacaocomproposito.com.br\/index.php\/wp-json\/wp\/v2\/product"}],"about":[{"href":"https:\/\/educacaocomproposito.com.br\/index.php\/wp-json\/wp\/v2\/types\/product"}],"replies":[{"embeddable":true,"href":"https:\/\/educacaocomproposito.com.br\/index.php\/wp-json\/wp\/v2\/comments?post=56105"}],"version-history":[{"count":2,"href":"https:\/\/educacaocomproposito.com.br\/index.php\/wp-json\/wp\/v2\/product\/56105\/revisions"}],"predecessor-version":[{"id":61727,"href":"https:\/\/educacaocomproposito.com.br\/index.php\/wp-json\/wp\/v2\/product\/56105\/revisions\/61727"}],"wp:featuredmedia":[{"embeddable":true,"href":"https:\/\/educacaocomproposito.com.br\/index.php\/wp-json\/wp\/v2\/media\/56087"}],"wp:attachment":[{"href":"https:\/\/educacaocomproposito.com.br\/index.php\/wp-json\/wp\/v2\/media?parent=56105"}],"wp:term":[{"taxonomy":"product_brand","embeddable":true,"href":"https:\/\/educacaocomproposito.com.br\/index.php\/wp-json\/wp\/v2\/product_brand?post=56105"},{"taxonomy":"product_cat","embeddable":true,"href":"https:\/\/educacaocomproposito.com.br\/index.php\/wp-json\/wp\/v2\/product_cat?post=56105"},{"taxonomy":"product_tag","embeddable":true,"href":"https:\/\/educacaocomproposito.com.br\/index.php\/wp-json\/wp\/v2\/product_tag?post=56105"}],"curies":[{"name":"wp","href":"https:\/\/api.w.org\/{rel}","templated":true}]}}