{"id":58575,"date":"2025-08-11T12:15:57","date_gmt":"2025-08-11T15:15:57","guid":{"rendered":"https:\/\/educacaocomproposito.com.br\/?post_type=product&#038;p=58575"},"modified":"2025-08-25T16:06:58","modified_gmt":"2025-08-25T19:06:58","slug":"kit-brasileirao-saeb","status":"publish","type":"product","link":"https:\/\/educacaocomproposito.com.br\/index.php\/product\/kit-brasileirao-saeb\/","title":{"rendered":"Kit \u2013 Brasileir\u00e3o SAEB"},"content":{"rendered":"<p>Este kit acompanha:<br \/>\ud83d\udcc4 <strong>Instru\u00e7\u00f5es da proposta<\/strong> \u2013 passo a passo para aplicar o projeto.<br \/>\ud83d\udcca <strong>Tabelas de pontua\u00e7\u00e3o<\/strong> \u2013 edit\u00e1veis no <strong>Canva (vers\u00e3o paga ou gratuita)<\/strong>.<br \/>\ud83d\udcf8 <strong>Polaroid das turmas destaques<\/strong> \u2013 edit\u00e1veis no <strong>Canva (vers\u00e3o paga ou gratuita)<\/strong>.<br \/>\ud83e\udea7 <strong>1 Mini banner informativo<\/strong> \u2013 \u201cO que \u00e9 o SAEB \/ Conhe\u00e7a o Brasileir\u00e3o SAEB\u201d.<br \/>\ud83c\udfaf <strong>1 Mini banner motivacional interativo<\/strong>.<br \/>\ud83c\udfbd <strong>3 Mini faixas<\/strong>: \u201cTurmas Destaques\u201d, \u201cMascotes em Campo\u201d e \u201cTabela de Pontua\u00e7\u00e3o\u201d.<br \/>\ud83c\udfc5 <strong>1 Faixa grande<\/strong>: <em>\u201cJuntos com o Estado de S\u00e3o Paulo construindo uma educa\u00e7\u00e3o de VALOR\u201d<\/em>.<br \/>\ud83d\udcac <strong>1 Letreiro<\/strong>: <em>\u201cSeu esfor\u00e7o \u00e9 a nossa maior conquista\u201d<\/em>.<br \/>\ud83c\udf6b <strong>Tag para mimo<\/strong> \u2013 3 por folha A4 (sugest\u00e3o: utilizar com moedinha de chocolate).<br \/>\ud83c\udfa5 <strong>Acompanha v\u00eddeos tutoriais<\/strong> para facilitar a montagem e a edi\u00e7\u00e3o dos itens edit\u00e1veis no Canva.<br \/>\ud83d\udca1 <strong>Painel Modular<\/strong>:<br \/>Voc\u00ea pode montar o kit completo ou selecionar apenas os m\u00f3dulos que fa\u00e7am sentido para a sua realidade escolar, adaptando ao espa\u00e7o e ao foco do seu projeto.<\/p>\n<p>\ud83d\udccf <strong>Medidas aproximadas<\/strong>:<br \/><strong>Painel modular completo<\/strong>: 220 x 134 cm (aprox.).<br \/><strong>Mini banners<\/strong>: 37 x 26 cm cada \u2013 total de 2 folhas A4 por banner.<br \/><strong>Mini faixas<\/strong>: 55 x 13 cm cada \u2013 total de 2 folhas A4 por faixa.<br \/><strong>Faixa maior<\/strong>: 7 folhas A4.<br \/><strong>Letreiro<\/strong>: 2 folhas A4.<\/p>\n<p><strong>\ud83d\udce5 Como acessar seu arquivo<br \/>Ap\u00f3s a confirma\u00e7\u00e3o do pagamento, voc\u00ea poder\u00e1 baixar o seu produto de tr\u00eas formas pr\u00e1ticas:<br \/><\/strong>1\ufe0f\u20e3 Via e-mail<br \/>Voc\u00ea receber\u00e1 um e-mail com o t\u00edtulo \u201cSeu arquivo chegou\u201d.<br \/>Lembre-se de verificar tamb\u00e9m a caixa de Spam\/Lixo eletr\u00f4nico.<br \/>Para baixar, clique em todos os t\u00edtulos destacados e sublinhados na se\u00e7\u00e3o de Downloads.<br \/>2\ufe0f\u20e3 Via WhatsApp<br \/>Voc\u00ea receber\u00e1 uma mensagem autom\u00e1tica em seu WhatsApp.<br \/>Para receber o arquivo por l\u00e1, basta clicar no bot\u00e3o: \u201cRECEBER meu pedido aqui\u201d.<br \/>3\ufe0f\u20e3 Na sua \u00c1rea do Cliente (site)<br \/>Clique nas tr\u00eas linhas no canto superior esquerdo.<br \/>Acesse Minha Conta &gt; Downloads.<br \/>Baixe diretamente todos os produtos adquiridos.<br \/><strong>\ud83d\udccc Qualquer d\u00favida, nosso suporte est\u00e1 \u00e0 disposi\u00e7\u00e3o:<br \/>(11) 94050-7483.<\/strong><\/p>\n","protected":false},"excerpt":{"rendered":"<p>Transforme a prepara\u00e7\u00e3o para o SAEB em um momento de <strong>motiva\u00e7\u00e3o, engajamento e esp\u00edrito de equipe<\/strong>!<br \/>O <strong>Kit \u2013 Brasileir\u00e3o Saeb<\/strong> foi criado para apoiar escolas na divulga\u00e7\u00e3o do que \u00e9 o SAEB e incentivar a participa\u00e7\u00e3o ativa dos alunos por meio de um <strong>campeonato l\u00fadico e saud\u00e1vel<\/strong>.<\/p>\n","protected":false},"featured_media":57632,"comment_status":"open","ping_status":"closed","template":"","meta":{"bwfblock_default_font":"","_uf_show_specific_survey":0,"_uf_disable_surveys":false},"product_brand":[],"product_cat":[107],"product_tag":[108,88],"class_list":{"0":"post-58575","1":"product","2":"type-product","3":"status-publish","4":"has-post-thumbnail","6":"product_cat-saeb","7":"product_tag-brasileirao-saeb","8":"product_tag-saeb","10":"first","11":"instock","12":"sale","13":"downloadable","14":"virtual","15":"sold-individually","16":"taxable","17":"purchasable","18":"product-type-simple"},"aioseo_notices":[],"_links":{"self":[{"href":"https:\/\/educacaocomproposito.com.br\/index.php\/wp-json\/wp\/v2\/product\/58575","targetHints":{"allow":["GET"]}}],"collection":[{"href":"https:\/\/educacaocomproposito.com.br\/index.php\/wp-json\/wp\/v2\/product"}],"about":[{"href":"https:\/\/educacaocomproposito.com.br\/index.php\/wp-json\/wp\/v2\/types\/product"}],"replies":[{"embeddable":true,"href":"https:\/\/educacaocomproposito.com.br\/index.php\/wp-json\/wp\/v2\/comments?post=58575"}],"version-history":[{"count":2,"href":"https:\/\/educacaocomproposito.com.br\/index.php\/wp-json\/wp\/v2\/product\/58575\/revisions"}],"predecessor-version":[{"id":61725,"href":"https:\/\/educacaocomproposito.com.br\/index.php\/wp-json\/wp\/v2\/product\/58575\/revisions\/61725"}],"wp:featuredmedia":[{"embeddable":true,"href":"https:\/\/educacaocomproposito.com.br\/index.php\/wp-json\/wp\/v2\/media\/57632"}],"wp:attachment":[{"href":"https:\/\/educacaocomproposito.com.br\/index.php\/wp-json\/wp\/v2\/media?parent=58575"}],"wp:term":[{"taxonomy":"product_brand","embeddable":true,"href":"https:\/\/educacaocomproposito.com.br\/index.php\/wp-json\/wp\/v2\/product_brand?post=58575"},{"taxonomy":"product_cat","embeddable":true,"href":"https:\/\/educacaocomproposito.com.br\/index.php\/wp-json\/wp\/v2\/product_cat?post=58575"},{"taxonomy":"product_tag","embeddable":true,"href":"https:\/\/educacaocomproposito.com.br\/index.php\/wp-json\/wp\/v2\/product_tag?post=58575"}],"curies":[{"name":"wp","href":"https:\/\/api.w.org\/{rel}","templated":true}]}}