{"id":68418,"date":"2025-09-19T16:57:04","date_gmt":"2025-09-19T19:57:04","guid":{"rendered":"https:\/\/educacaocomproposito.com.br\/?post_type=product&#038;p=68418"},"modified":"2025-09-19T17:14:57","modified_gmt":"2025-09-19T20:14:57","slug":"kit-dia-do-secretario-escolar-2025","status":"publish","type":"product","link":"https:\/\/educacaocomproposito.com.br\/index.php\/product\/kit-dia-do-secretario-escolar-2025\/","title":{"rendered":"Kit \u2013 Dia do Secret\u00e1rio Escolar 2025"},"content":{"rendered":"<p>\ud83d\udccc O que voc\u00ea encontrar\u00e1 no kit:<br \/><strong>Painel Tem\u00e1tico<\/strong> (tamanho grande e impactante para decorar e homenagear);<br \/><strong>Calend\u00e1rio de Mesa<\/strong> (Com foto e nome personaliz\u00e1vel, ideal para organizar e decorar);<br \/><strong>Polaroid Painel<\/strong> (com espa\u00e7o para foto, deixando a homenagem ainda mais especial);<br \/><strong>Tag para Bombom<\/strong> (detalhe carinhoso que faz toda diferen\u00e7a);<br \/>As fotos s\u00e3o editadas atrav\u00e9s do Canva (Pro ou Gratuito);<br \/><strong>Tutoriais de Montagem e edi\u00e7\u00e3o em V\u00eddeo<\/strong>, com passo a passo detalhado para facilitar a prepara\u00e7\u00e3o.<\/p>\n<p>\ud83d\udca1 Diferenciais:<br \/>Arquivos prontos para impress\u00e3o em tamanho A4.<br \/>Design moderno, em estilo acolhedor e comemorativo.<br \/>Flexibilidade para personalizar nomes, fotos e detalhes.<br \/>Guia de montagem para que tudo fique perfeito e organizado.<\/p>\n<p><strong>Detalhes T\u00e9cnicos:<br \/><\/strong>\ud83d\udcc2\u00a0<strong>Arquivo em PDF<\/strong>, pronto para impress\u00e3o. 100% Digital.<br \/>\u26a0\ufe0f\u00a0<strong>Fotos Edit\u00e1veis (Canva Pro ou Gratuito)<\/strong>.<br \/>\u26a0\ufe0f N\u00e3o enviamos pelos CORREIOS.<br \/>\u26a0\ufe0f Aten\u00e7\u00e3o: Este produto n\u00e3o \u00e9 clipart e n\u00e3o disponibilizamos a arte aberta. O material \u00e9 fornecido exclusivamente em arquivos PDF. Uso pessoal, proibida a venda e revenda do material f\u00edsico ou digital.<\/p>\n<p><strong>\ud83d\udce5 Como acessar seu arquivo<br \/>Ap\u00f3s a confirma\u00e7\u00e3o do pagamento, voc\u00ea poder\u00e1 baixar o seu produto de tr\u00eas formas pr\u00e1ticas:<br \/><\/strong>1\ufe0f\u20e3 Via e-mail<br \/>Voc\u00ea receber\u00e1 um e-mail com o t\u00edtulo \u201cSeu arquivo chegou\u201d.<br \/>Lembre-se de verificar tamb\u00e9m a caixa de Spam\/Lixo eletr\u00f4nico.<br \/>Para baixar, clique em todos os t\u00edtulos destacados e sublinhados na se\u00e7\u00e3o de Downloads.<br \/>2\ufe0f\u20e3 Via WhatsApp<br \/>Voc\u00ea receber\u00e1 uma mensagem autom\u00e1tica em seu WhatsApp.<br \/>Para receber o arquivo por l\u00e1, basta clicar no bot\u00e3o: \u201cRECEBER meu pedido aqui\u201d.<br \/>3\ufe0f\u20e3 Na sua \u00c1rea do Cliente (site)<br \/>Clique nas tr\u00eas linhas no canto superior esquerdo.<br \/>Acesse Minha Conta &gt; Downloads.<br \/>Baixe diretamente todos os produtos adquiridos.<br \/><strong>\ud83d\udccc Qualquer d\u00favida, nosso suporte est\u00e1 \u00e0 disposi\u00e7\u00e3o:<br \/>(11) 94050-7483.<\/strong><br \/>Voc\u00ea tamb\u00e9m pode gostar\u00a0<\/p>\n","protected":false},"excerpt":{"rendered":"<p>Celebre o <strong>Dia do Secret\u00e1rio Escolar<\/strong> de forma especial com este kit exclusivo e cheio de significado!<br \/>Desenvolvido para valorizar esses profissionais t\u00e3o importantes na rotina da escola, o material traz recursos criativos, pr\u00e1ticos e prontos para usar.<\/p>\n","protected":false},"featured_media":68421,"comment_status":"open","ping_status":"closed","template":"","meta":{"bwfblock_default_font":"","_uf_show_specific_survey":0,"_uf_disable_surveys":false},"product_brand":[],"product_cat":[37],"product_tag":[47,116],"class_list":{"0":"post-68418","1":"product","2":"type-product","3":"status-publish","4":"has-post-thumbnail","6":"product_cat-datas-comemorativas","7":"product_tag-datas-comemorativas","8":"product_tag-secretario-escolar","10":"first","11":"instock","12":"sale","13":"downloadable","14":"virtual","15":"sold-individually","16":"taxable","17":"purchasable","18":"product-type-simple"},"aioseo_notices":[],"_links":{"self":[{"href":"https:\/\/educacaocomproposito.com.br\/index.php\/wp-json\/wp\/v2\/product\/68418","targetHints":{"allow":["GET"]}}],"collection":[{"href":"https:\/\/educacaocomproposito.com.br\/index.php\/wp-json\/wp\/v2\/product"}],"about":[{"href":"https:\/\/educacaocomproposito.com.br\/index.php\/wp-json\/wp\/v2\/types\/product"}],"replies":[{"embeddable":true,"href":"https:\/\/educacaocomproposito.com.br\/index.php\/wp-json\/wp\/v2\/comments?post=68418"}],"version-history":[{"count":1,"href":"https:\/\/educacaocomproposito.com.br\/index.php\/wp-json\/wp\/v2\/product\/68418\/revisions"}],"predecessor-version":[{"id":68430,"href":"https:\/\/educacaocomproposito.com.br\/index.php\/wp-json\/wp\/v2\/product\/68418\/revisions\/68430"}],"wp:featuredmedia":[{"embeddable":true,"href":"https:\/\/educacaocomproposito.com.br\/index.php\/wp-json\/wp\/v2\/media\/68421"}],"wp:attachment":[{"href":"https:\/\/educacaocomproposito.com.br\/index.php\/wp-json\/wp\/v2\/media?parent=68418"}],"wp:term":[{"taxonomy":"product_brand","embeddable":true,"href":"https:\/\/educacaocomproposito.com.br\/index.php\/wp-json\/wp\/v2\/product_brand?post=68418"},{"taxonomy":"product_cat","embeddable":true,"href":"https:\/\/educacaocomproposito.com.br\/index.php\/wp-json\/wp\/v2\/product_cat?post=68418"},{"taxonomy":"product_tag","embeddable":true,"href":"https:\/\/educacaocomproposito.com.br\/index.php\/wp-json\/wp\/v2\/product_tag?post=68418"}],"curies":[{"name":"wp","href":"https:\/\/api.w.org\/{rel}","templated":true}]}}