{"id":69255,"date":"2025-09-24T02:58:58","date_gmt":"2025-09-24T05:58:58","guid":{"rendered":"https:\/\/educacaocomproposito.com.br\/?post_type=product&#038;p=69255"},"modified":"2025-09-24T03:15:48","modified_gmt":"2025-09-24T06:15:48","slug":"kit-dia-das-criancas-2025-um-voo-de-aventuras","status":"publish","type":"product","link":"https:\/\/educacaocomproposito.com.br\/index.php\/product\/kit-dia-das-criancas-2025-um-voo-de-aventuras\/","title":{"rendered":"Kit Dia das Crian\u00e7as 2025 \u2013 Um voo de aventuras"},"content":{"rendered":"<p>\ud83d\udccc <strong>O que voc\u00ea encontrar\u00e1 no kit:<\/strong><br \/><strong>Painel Base<\/strong> \u2013 Medida aproximada: <strong>146\u00d780cm<\/strong>; (Total de 24 folhas A4)<br \/><strong>Painel + Bal\u00e3o de Bexigas<\/strong> \u2013 Medida aproximada: <strong>146\u00d7132cm<\/strong>;<br \/><strong>Molduras principais e cestos<\/strong> para compor o cen\u00e1rio e criar os bal\u00f5es efeito 3D.<br \/><strong>Lembrancinhas criativas<\/strong> (como o <em>Bal\u00e3o Doce no Palito<\/em> e Copo Bal\u00e3o de Aventuras), prontas para imprimir e distribuir para a crian\u00e7ada;<br \/><strong>Tutoriais em V\u00eddeo<\/strong> com passo a passo de montagem e dicas pr\u00e1ticas, acess\u00edveis por QR-Code.<\/p>\n<p><strong>Detalhes T\u00e9cnicos:<br \/><\/strong>\ud83d\udcc2\u00a0<strong>Arquivo em PDF<\/strong>, pronto para impress\u00e3o. 100% Digital.<br \/>\u26a0\ufe0f <strong>Arquivo N\u00e3o edit\u00e1vel.<\/strong><br \/>\u26a0\ufe0f N\u00e3o enviamos pelos CORREIOS.<br \/>\u26a0\ufe0f Aten\u00e7\u00e3o: Este produto n\u00e3o \u00e9 clipart e n\u00e3o disponibilizamos a arte aberta. O material \u00e9 fornecido exclusivamente em arquivos PDF. <strong>Uso pessoal, proibida a venda e revenda do material f\u00edsico ou digital.<br \/><\/strong><br \/><strong>\ud83d\udce5 Como acessar seu arquivo<br \/>Ap\u00f3s a confirma\u00e7\u00e3o do pagamento, voc\u00ea poder\u00e1 baixar o seu produto de tr\u00eas formas pr\u00e1ticas:<br \/><\/strong>1\ufe0f\u20e3 Via e-mail<br \/>Voc\u00ea receber\u00e1 um e-mail com o t\u00edtulo \u201cSeu arquivo chegou\u201d.<br \/>Lembre-se de verificar tamb\u00e9m a caixa de Spam\/Lixo eletr\u00f4nico.<br \/>Para baixar, clique em todos os t\u00edtulos destacados e sublinhados na se\u00e7\u00e3o de Downloads.<br \/>2\ufe0f\u20e3 Via WhatsApp<br \/>Voc\u00ea receber\u00e1 uma mensagem autom\u00e1tica em seu WhatsApp.<br \/>Para receber o arquivo por l\u00e1, basta clicar no bot\u00e3o: \u201cRECEBER meu pedido aqui\u201d.<br \/>3\ufe0f\u20e3 Na sua \u00c1rea do Cliente (site)<br \/>Clique nas tr\u00eas linhas no canto superior esquerdo.<br \/>Acesse Minha Conta &gt; Downloads.<br \/>Baixe diretamente todos os produtos adquiridos.<br \/><strong>\ud83d\udccc Qualquer d\u00favida, nosso suporte est\u00e1 \u00e0 disposi\u00e7\u00e3o:<br \/>(11) 94050-7483.<\/strong><br \/>Voc\u00ea tamb\u00e9m pode gostar\u00a0<\/p>\n","protected":false},"excerpt":{"rendered":"<p>Transforme a comemora\u00e7\u00e3o do <strong>Dia das Crian\u00e7as<\/strong> em um momento m\u00e1gico com este kit completo, pensado para encantar, emocionar e encher de cores sua escola ou evento.<\/p>\n","protected":false},"featured_media":69256,"comment_status":"open","ping_status":"closed","template":"","meta":{"bwfblock_default_font":"","_uf_show_specific_survey":0,"_uf_disable_surveys":false},"product_brand":[],"product_cat":[37,40],"product_tag":[47,41],"class_list":{"0":"post-69255","1":"product","2":"type-product","3":"status-publish","4":"has-post-thumbnail","6":"product_cat-datas-comemorativas","7":"product_cat-dia-das-criancas","8":"product_tag-datas-comemorativas","9":"product_tag-dia-das-criancas","11":"first","12":"instock","13":"sale","14":"downloadable","15":"virtual","16":"sold-individually","17":"taxable","18":"purchasable","19":"product-type-simple"},"aioseo_notices":[],"_links":{"self":[{"href":"https:\/\/educacaocomproposito.com.br\/index.php\/wp-json\/wp\/v2\/product\/69255","targetHints":{"allow":["GET"]}}],"collection":[{"href":"https:\/\/educacaocomproposito.com.br\/index.php\/wp-json\/wp\/v2\/product"}],"about":[{"href":"https:\/\/educacaocomproposito.com.br\/index.php\/wp-json\/wp\/v2\/types\/product"}],"replies":[{"embeddable":true,"href":"https:\/\/educacaocomproposito.com.br\/index.php\/wp-json\/wp\/v2\/comments?post=69255"}],"version-history":[{"count":1,"href":"https:\/\/educacaocomproposito.com.br\/index.php\/wp-json\/wp\/v2\/product\/69255\/revisions"}],"predecessor-version":[{"id":69265,"href":"https:\/\/educacaocomproposito.com.br\/index.php\/wp-json\/wp\/v2\/product\/69255\/revisions\/69265"}],"wp:featuredmedia":[{"embeddable":true,"href":"https:\/\/educacaocomproposito.com.br\/index.php\/wp-json\/wp\/v2\/media\/69256"}],"wp:attachment":[{"href":"https:\/\/educacaocomproposito.com.br\/index.php\/wp-json\/wp\/v2\/media?parent=69255"}],"wp:term":[{"taxonomy":"product_brand","embeddable":true,"href":"https:\/\/educacaocomproposito.com.br\/index.php\/wp-json\/wp\/v2\/product_brand?post=69255"},{"taxonomy":"product_cat","embeddable":true,"href":"https:\/\/educacaocomproposito.com.br\/index.php\/wp-json\/wp\/v2\/product_cat?post=69255"},{"taxonomy":"product_tag","embeddable":true,"href":"https:\/\/educacaocomproposito.com.br\/index.php\/wp-json\/wp\/v2\/product_tag?post=69255"}],"curies":[{"name":"wp","href":"https:\/\/api.w.org\/{rel}","templated":true}]}}