{"id":69578,"date":"2025-09-25T11:47:00","date_gmt":"2025-09-25T14:47:00","guid":{"rendered":"https:\/\/educacaocomproposito.com.br\/?post_type=product&#038;p=69578"},"modified":"2025-09-25T11:50:02","modified_gmt":"2025-09-25T14:50:02","slug":"kit-outubro-rosa-2025","status":"publish","type":"product","link":"https:\/\/educacaocomproposito.com.br\/index.php\/product\/kit-outubro-rosa-2025\/","title":{"rendered":"Kit \u2013 Outubro Rosa 2025"},"content":{"rendered":"<p>Este kit inclui:<br \/>&#8211; <strong>Painel tem\u00e1tico, frases motivacionais, caixinhas para mimos como: tags e\/ou panfletos e molduras fotogr\u00e1ficas<\/strong> (fotos edit\u00e1veis no Canva Pro ou Gratuito), todos com design delicado e cores em tons de rosa, para transmitir cuidado, amor e esperan\u00e7a. O kit pode ser usado tanto em ambientes escolares quanto em campanhas de sa\u00fade.<\/p>\n<p>Al\u00e9m do material pronto para imprimir, voc\u00ea ter\u00e1 acesso a:<br \/>\u2728 Foto edit\u00e1vel no Canva (vers\u00e3o gratuita ou Pro).<br \/>\u2728 Tutoriais em v\u00eddeo com passo a passo de montagem.<br \/>\u2728 Sugest\u00f5es de impress\u00e3o e montagem para garantir o melhor resultado.<\/p>\n<p><strong>Detalhes T\u00e9cnicos:<br \/><\/strong>\ud83d\udcc2\u00a0<strong>Arquivo em PDF<\/strong>, pronto para impress\u00e3o. 100% Digital.<br \/>\u26a0\ufe0f\u00a0<strong>Fotos Edit\u00e1veis (Canva Pro ou Gratuito)<\/strong>.<br \/>\u26a0\ufe0f N\u00e3o enviamos pelos CORREIOS.<br \/>\u26a0\ufe0f Aten\u00e7\u00e3o: Este produto n\u00e3o \u00e9 clipart e n\u00e3o disponibilizamos a arte aberta. O material \u00e9 fornecido exclusivamente em arquivos PDF. Uso pessoal, proibida a venda e revenda do material f\u00edsico ou digital.<\/p>\n<p><strong>\ud83d\udce5 Como acessar seu arquivo<br \/>Ap\u00f3s a confirma\u00e7\u00e3o do pagamento, voc\u00ea poder\u00e1 baixar o seu produto de tr\u00eas formas pr\u00e1ticas:<br \/><\/strong>1\ufe0f\u20e3 Via e-mail<br \/>Voc\u00ea receber\u00e1 um e-mail com o t\u00edtulo \u201cSeu arquivo chegou\u201d.<br \/>Lembre-se de verificar tamb\u00e9m a caixa de Spam\/Lixo eletr\u00f4nico.<br \/>Para baixar, clique em todos os t\u00edtulos destacados e sublinhados na se\u00e7\u00e3o de Downloads.<br \/>2\ufe0f\u20e3 Via WhatsApp<br \/>Voc\u00ea receber\u00e1 uma mensagem autom\u00e1tica em seu WhatsApp.<br \/>Para receber o arquivo por l\u00e1, basta clicar no bot\u00e3o: \u201cRECEBER meu pedido aqui\u201d.<br \/>3\ufe0f\u20e3 Na sua \u00c1rea do Cliente (site)<br \/>Clique nas tr\u00eas linhas no canto superior esquerdo.<br \/>Acesse Minha Conta &gt; Downloads.<br \/>Baixe diretamente todos os produtos adquiridos.<br \/><strong>\ud83d\udccc Qualquer d\u00favida, nosso suporte est\u00e1 \u00e0 disposi\u00e7\u00e3o:<br \/>(11) 94050-7483.<\/strong><br \/>Voc\u00ea tamb\u00e9m pode gostar\u00a0<\/p>\n","protected":false},"excerpt":{"rendered":"<p>O <strong>Kit Outubro Rosa 2025<\/strong> foi desenvolvido para escolas, eventos e a\u00e7\u00f5es de conscientiza\u00e7\u00e3o, trazendo recursos prontos e interativos que unem <strong>educa\u00e7\u00e3o, preven\u00e7\u00e3o e acolhimento<\/strong>.<\/p>\n","protected":false},"featured_media":69003,"comment_status":"open","ping_status":"closed","template":"","meta":{"bwfblock_default_font":"","_uf_show_specific_survey":0,"_uf_disable_surveys":false},"product_brand":[],"product_cat":[37],"product_tag":[47],"class_list":{"0":"post-69578","1":"product","2":"type-product","3":"status-publish","4":"has-post-thumbnail","6":"product_cat-datas-comemorativas","7":"product_tag-datas-comemorativas","9":"first","10":"instock","11":"sale","12":"downloadable","13":"virtual","14":"sold-individually","15":"taxable","16":"purchasable","17":"product-type-simple"},"aioseo_notices":[],"_links":{"self":[{"href":"https:\/\/educacaocomproposito.com.br\/index.php\/wp-json\/wp\/v2\/product\/69578","targetHints":{"allow":["GET"]}}],"collection":[{"href":"https:\/\/educacaocomproposito.com.br\/index.php\/wp-json\/wp\/v2\/product"}],"about":[{"href":"https:\/\/educacaocomproposito.com.br\/index.php\/wp-json\/wp\/v2\/types\/product"}],"replies":[{"embeddable":true,"href":"https:\/\/educacaocomproposito.com.br\/index.php\/wp-json\/wp\/v2\/comments?post=69578"}],"version-history":[{"count":1,"href":"https:\/\/educacaocomproposito.com.br\/index.php\/wp-json\/wp\/v2\/product\/69578\/revisions"}],"predecessor-version":[{"id":69583,"href":"https:\/\/educacaocomproposito.com.br\/index.php\/wp-json\/wp\/v2\/product\/69578\/revisions\/69583"}],"wp:featuredmedia":[{"embeddable":true,"href":"https:\/\/educacaocomproposito.com.br\/index.php\/wp-json\/wp\/v2\/media\/69003"}],"wp:attachment":[{"href":"https:\/\/educacaocomproposito.com.br\/index.php\/wp-json\/wp\/v2\/media?parent=69578"}],"wp:term":[{"taxonomy":"product_brand","embeddable":true,"href":"https:\/\/educacaocomproposito.com.br\/index.php\/wp-json\/wp\/v2\/product_brand?post=69578"},{"taxonomy":"product_cat","embeddable":true,"href":"https:\/\/educacaocomproposito.com.br\/index.php\/wp-json\/wp\/v2\/product_cat?post=69578"},{"taxonomy":"product_tag","embeddable":true,"href":"https:\/\/educacaocomproposito.com.br\/index.php\/wp-json\/wp\/v2\/product_tag?post=69578"}],"curies":[{"name":"wp","href":"https:\/\/api.w.org\/{rel}","templated":true}]}}