{"id":76453,"date":"2025-11-07T19:22:02","date_gmt":"2025-11-07T22:22:02","guid":{"rendered":"https:\/\/educacaocomproposito.com.br\/?post_type=product&#038;p=76453"},"modified":"2025-11-07T19:34:25","modified_gmt":"2025-11-07T22:34:25","slug":"lembrancinha-de-fim-de-ano-para-equipe","status":"publish","type":"product","link":"https:\/\/educacaocomproposito.com.br\/index.php\/product\/lembrancinha-de-fim-de-ano-para-equipe\/","title":{"rendered":"Lembrancinha de Fim de Ano \u2013 Para Equipe"},"content":{"rendered":"<p>\ud83c\udf81 <strong>O kit cont\u00e9m:<\/strong><br \/><strong>Cartinha para a Equipe:<\/strong> mensagem de gratid\u00e3o e reconhecimento, pronta para imprimir ou editar no Canva (vers\u00e3o gratuita ou Pro);<br \/><strong>Molde da Caixinha Personalizada:<\/strong> tampa, fundo e base de recorte em formato A4, com acabamento fotogr\u00e1fico;<br \/><strong>Envelope Decorativo:<\/strong> complemento delicado para abrigar a mensagem;<br \/><strong>Tutoriais de Montagem e Edi\u00e7\u00e3o:<\/strong> v\u00eddeos explicativos com passo a passo, acess\u00edveis por QR Code ou link direto;<br \/><strong>Acesso ao Arquivo Edit\u00e1vel no Canva:<\/strong> f\u00e1cil de personalizar com nomes, mensagens ou logotipo da escola <strong>(ATEN\u00c7\u00c3O: APENAS A CARTINHA \u00c9 EDIT\u00c1VEL)<\/strong>.<\/p>\n<p>\ud83d\udca1\u00a0<strong>Detalhes T\u00e9cnicos<\/strong><br \/>\u26a0\ufe0f Formato:\u00a0<strong>PDF \u2013<\/strong>\u00a0<strong>A4<\/strong> (ideal para impress\u00e3o em papel fotogr\u00e1fico 180g \u2013 brilho).<br \/>\u26a0\ufe0f Arquivo\u00a0<strong>100% digital<\/strong>, pronto para impress\u00e3o.<br \/>\u26a0\ufe0f Possui itens edit\u00e1veis no Canva pro ou gratuito.<br \/>\u26a0\ufe0f Acompanha\u00a0<strong>instru\u00e7\u00f5es detalhadas<\/strong>\u00a0de montagem e recorte.<br \/>\u26a0\ufe0f N\u00e3o enviamos pelos CORREIOS.<br \/>\u26a0\ufe0f Aten\u00e7\u00e3o: Este produto n\u00e3o \u00e9 clipart e n\u00e3o disponibilizamos a arte aberta. O material \u00e9 fornecido exclusivamente em arquivos PDF. <br \/>\u26a0\ufe0f <strong>Uso pessoal, proibida a venda e revenda do material f\u00edsico ou digital.<\/strong><\/p>\n<p><strong>\ud83d\udce5 Como acessar seu arquivo<br \/>Ap\u00f3s a confirma\u00e7\u00e3o do pagamento, voc\u00ea poder\u00e1 baixar o seu produto de tr\u00eas formas pr\u00e1ticas:<br \/><\/strong>1\ufe0f\u20e3 Via e-mail<br \/>Voc\u00ea receber\u00e1 um e-mail com o t\u00edtulo \u201cSeu arquivo chegou\u201d.<br \/>Lembre-se de verificar tamb\u00e9m a caixa de Spam\/Lixo eletr\u00f4nico.<br \/>Para baixar, clique em todos os t\u00edtulos destacados e sublinhados na se\u00e7\u00e3o de Downloads.<br \/>2\ufe0f\u20e3 Via WhatsApp<br \/>Voc\u00ea receber\u00e1 uma mensagem autom\u00e1tica em seu WhatsApp.<br \/>Para receber o arquivo por l\u00e1, basta clicar no bot\u00e3o: \u201cRECEBER meu pedido aqui\u201d.<br \/>3\ufe0f\u20e3 Na sua \u00c1rea do Cliente (site)<br \/>Clique nas tr\u00eas linhas no canto superior esquerdo.<br \/>Acesse Minha Conta &gt; Downloads.<br \/>Baixe diretamente todos os produtos adquiridos.<br \/><strong>\ud83d\udccc Qualquer d\u00favida, nosso suporte est\u00e1 \u00e0 disposi\u00e7\u00e3o:<br \/>(11) 94050-7483.<\/strong><\/p>\n","protected":false},"excerpt":{"rendered":"<p>Celebre o encerramento de mais um ciclo com uma lembran\u00e7a cheia de carinho e prop\u00f3sito! \ud83d\udc9b<br \/>O <strong>Kit Lembrancinha de Fim de Ano \u2013 Equipe<\/strong> foi pensado para gestores e coordenadores que desejam reconhecer o empenho e dedica\u00e7\u00e3o de todos os profissionais que fizeram o ano letivo acontecer.<\/p>\n","protected":false},"featured_media":76463,"comment_status":"open","ping_status":"closed","template":"","meta":{"bwfblock_default_font":"","_uf_show_specific_survey":0,"_uf_disable_surveys":false},"product_brand":[],"product_cat":[37],"product_tag":[120,47],"class_list":{"0":"post-76453","1":"product","2":"type-product","3":"status-publish","4":"has-post-thumbnail","6":"product_cat-datas-comemorativas","7":"product_tag-confraternizacao","8":"product_tag-datas-comemorativas","10":"first","11":"instock","12":"sale","13":"downloadable","14":"virtual","15":"sold-individually","16":"taxable","17":"purchasable","18":"product-type-simple"},"aioseo_notices":[],"_links":{"self":[{"href":"https:\/\/educacaocomproposito.com.br\/index.php\/wp-json\/wp\/v2\/product\/76453","targetHints":{"allow":["GET"]}}],"collection":[{"href":"https:\/\/educacaocomproposito.com.br\/index.php\/wp-json\/wp\/v2\/product"}],"about":[{"href":"https:\/\/educacaocomproposito.com.br\/index.php\/wp-json\/wp\/v2\/types\/product"}],"replies":[{"embeddable":true,"href":"https:\/\/educacaocomproposito.com.br\/index.php\/wp-json\/wp\/v2\/comments?post=76453"}],"version-history":[{"count":1,"href":"https:\/\/educacaocomproposito.com.br\/index.php\/wp-json\/wp\/v2\/product\/76453\/revisions"}],"predecessor-version":[{"id":76466,"href":"https:\/\/educacaocomproposito.com.br\/index.php\/wp-json\/wp\/v2\/product\/76453\/revisions\/76466"}],"wp:featuredmedia":[{"embeddable":true,"href":"https:\/\/educacaocomproposito.com.br\/index.php\/wp-json\/wp\/v2\/media\/76463"}],"wp:attachment":[{"href":"https:\/\/educacaocomproposito.com.br\/index.php\/wp-json\/wp\/v2\/media?parent=76453"}],"wp:term":[{"taxonomy":"product_brand","embeddable":true,"href":"https:\/\/educacaocomproposito.com.br\/index.php\/wp-json\/wp\/v2\/product_brand?post=76453"},{"taxonomy":"product_cat","embeddable":true,"href":"https:\/\/educacaocomproposito.com.br\/index.php\/wp-json\/wp\/v2\/product_cat?post=76453"},{"taxonomy":"product_tag","embeddable":true,"href":"https:\/\/educacaocomproposito.com.br\/index.php\/wp-json\/wp\/v2\/product_tag?post=76453"}],"curies":[{"name":"wp","href":"https:\/\/api.w.org\/{rel}","templated":true}]}}