{"id":78304,"date":"2025-11-17T18:13:45","date_gmt":"2025-11-17T21:13:45","guid":{"rendered":"https:\/\/educacaocomproposito.com.br\/?post_type=product&#038;p=78304"},"modified":"2025-11-17T18:47:44","modified_gmt":"2025-11-17T21:47:44","slug":"kit-digital-despedida-terceirao","status":"publish","type":"product","link":"https:\/\/educacaocomproposito.com.br\/index.php\/product\/kit-digital-despedida-terceirao\/","title":{"rendered":"Kit Digital &#8211; Despedida &#8211; Terceir\u00e3o"},"content":{"rendered":"<p><strong>O kit inclui: <\/strong><br \/><strong>Painel Tem\u00e1tico de Despedida:<\/strong> com aproximadamente 110x80cm, dividido em 18 folhas A4 para impress\u00e3o. Uma decora\u00e7\u00e3o significativa que simboliza o encerramento dessa importante etapa.<br \/><strong>Cartinha de Despedida:<\/strong> uma mensagem personalizada da escola para a turma, repleta de emo\u00e7\u00e3o e reflex\u00f5es para marcar esse momento especial.<br \/><strong>Mural de Sonhos e Mem\u00f3rias:<\/strong> atividade interativa com post-its, onde os alunos podem registrar suas melhores lembran\u00e7as e seus maiores sonhos para o futuro.<br \/><strong>Extras:<\/strong><br \/><strong>Edi\u00e7\u00e3o Facilitada no Canva: <\/strong>As fotos e cartinha s\u00e3o edit\u00e1veis no Canva, tanto na vers\u00e3o paga quanto gratuita, permitindo personalizar cada detalhe de acordo com sua realidade.<br \/><strong>V\u00eddeos Tutoriais:<\/strong> voc\u00ea receber\u00e1 v\u00eddeos explicativos para auxiliar na edi\u00e7\u00e3o do painel, da cartinha e de outros elementos do kit, tornando o processo simples e pr\u00e1tico.<br \/><strong>Din\u00e2mica Especial:<\/strong> instru\u00e7\u00f5es detalhadas para realizar a atividade com o mural de forma colaborativa e envolvente, criando um momento de reflex\u00e3o e uni\u00e3o entre os alunos.<\/p>\n<p><strong>Detalhes T\u00e9cnicos:<\/strong><br \/>Arquivo 100% digital, pronto para impress\u00e3o. Alguns itens podem ser editados atrav\u00e9s do Cana Pago ou Gratuito. N\u00c3O ENVIAMOS PELOS CORREIOS.<\/p>\n<p><strong>\ud83d\udce5 Como acessar seu arquivo<br \/>Ap\u00f3s a confirma\u00e7\u00e3o do pagamento, voc\u00ea poder\u00e1 baixar o seu produto de tr\u00eas formas pr\u00e1ticas:<br \/><\/strong>1\ufe0f\u20e3 Via e-mail<br \/>Voc\u00ea receber\u00e1 um e-mail com o t\u00edtulo \u201cSeu arquivo chegou\u201d.<br \/>Lembre-se de verificar tamb\u00e9m a caixa de Spam\/Lixo eletr\u00f4nico.<br \/>Para baixar, clique em todos os t\u00edtulos destacados e sublinhados na se\u00e7\u00e3o de Downloads.<br \/>2\ufe0f\u20e3 Via WhatsApp<br \/>Voc\u00ea receber\u00e1 uma mensagem autom\u00e1tica em seu WhatsApp.<br \/>Para receber o arquivo por l\u00e1, basta clicar no bot\u00e3o: \u201cRECEBER meu pedido aqui\u201d.<br \/>3\ufe0f\u20e3 Na sua \u00c1rea do Cliente (site)<br \/>Clique nas tr\u00eas linhas no canto superior esquerdo.<br \/>Acesse Minha Conta &gt; Downloads.<br \/>Baixe diretamente todos os produtos adquiridos.<br \/><strong>\ud83d\udccc Qualquer d\u00favida, nosso suporte est\u00e1 \u00e0 disposi\u00e7\u00e3o:<br \/>(11) 94050-7483.<\/strong><\/p>\n","protected":false},"excerpt":{"rendered":"<p>Prepare uma despedida inesquec\u00edvel para sua turma do Terceir\u00e3o com este kit completo e emocionante, feito especialmente para tornar esse momento \u00fanico e marcante!<\/p>\n","protected":false},"featured_media":78312,"comment_status":"open","ping_status":"closed","template":"","meta":{"bwfblock_default_font":"","_uf_show_specific_survey":0,"_uf_disable_surveys":false},"product_brand":[],"product_cat":[37],"product_tag":[47],"class_list":{"0":"post-78304","1":"product","2":"type-product","3":"status-publish","4":"has-post-thumbnail","6":"product_cat-datas-comemorativas","7":"product_tag-datas-comemorativas","9":"first","10":"instock","11":"sale","12":"downloadable","13":"virtual","14":"sold-individually","15":"taxable","16":"purchasable","17":"product-type-simple"},"aioseo_notices":[],"_links":{"self":[{"href":"https:\/\/educacaocomproposito.com.br\/index.php\/wp-json\/wp\/v2\/product\/78304","targetHints":{"allow":["GET"]}}],"collection":[{"href":"https:\/\/educacaocomproposito.com.br\/index.php\/wp-json\/wp\/v2\/product"}],"about":[{"href":"https:\/\/educacaocomproposito.com.br\/index.php\/wp-json\/wp\/v2\/types\/product"}],"replies":[{"embeddable":true,"href":"https:\/\/educacaocomproposito.com.br\/index.php\/wp-json\/wp\/v2\/comments?post=78304"}],"version-history":[{"count":1,"href":"https:\/\/educacaocomproposito.com.br\/index.php\/wp-json\/wp\/v2\/product\/78304\/revisions"}],"predecessor-version":[{"id":78313,"href":"https:\/\/educacaocomproposito.com.br\/index.php\/wp-json\/wp\/v2\/product\/78304\/revisions\/78313"}],"wp:featuredmedia":[{"embeddable":true,"href":"https:\/\/educacaocomproposito.com.br\/index.php\/wp-json\/wp\/v2\/media\/78312"}],"wp:attachment":[{"href":"https:\/\/educacaocomproposito.com.br\/index.php\/wp-json\/wp\/v2\/media?parent=78304"}],"wp:term":[{"taxonomy":"product_brand","embeddable":true,"href":"https:\/\/educacaocomproposito.com.br\/index.php\/wp-json\/wp\/v2\/product_brand?post=78304"},{"taxonomy":"product_cat","embeddable":true,"href":"https:\/\/educacaocomproposito.com.br\/index.php\/wp-json\/wp\/v2\/product_cat?post=78304"},{"taxonomy":"product_tag","embeddable":true,"href":"https:\/\/educacaocomproposito.com.br\/index.php\/wp-json\/wp\/v2\/product_tag?post=78304"}],"curies":[{"name":"wp","href":"https:\/\/api.w.org\/{rel}","templated":true}]}}