{"id":85440,"date":"2026-01-08T16:37:04","date_gmt":"2026-01-08T19:37:04","guid":{"rendered":"https:\/\/educacaocomproposito.com.br\/?post_type=product&#038;p=85440"},"modified":"2026-01-27T15:29:55","modified_gmt":"2026-01-27T18:29:55","slug":"kit-de-acolhimento-para-equipes-educar-e-um-trabalho-coletivo","status":"publish","type":"product","link":"https:\/\/educacaocomproposito.com.br\/index.php\/product\/kit-de-acolhimento-para-equipes-educar-e-um-trabalho-coletivo\/","title":{"rendered":"Kit de Acolhimento para Equipes &#8211; Educar \u00e9 um Compromisso Coletivo"},"content":{"rendered":"<p>\ud83d\udce6 O que voc\u00ea recebe neste kit:<br \/>\ud83e\udde9 <strong>Painel Principal \u2013 Educar \u00e9 um Compromisso Coletivo<\/strong><br \/>\u2022 Painel em <strong>24 folhas A4<\/strong>, com numera\u00e7\u00e3o para facilitar a montagem<br \/>\u2022 Texto reflexivo que valoriza o papel de cada profissional na escola<br \/>\ud83c\udf80 <strong>Faixa Superior \u2013 \u201cQuerida Equipe, Seja Bem-Vinda\u201d<\/strong><br \/>\u2022 Arquivo em <strong>8 folhas A4<\/strong><br \/>\ud83c\udf3f <strong>Elementos Decorativos para Composi\u00e7\u00e3o do Painel<\/strong><br \/>\u2022 <strong>Folhagem decorativa para base do painel<\/strong><br \/>\u2022 <strong>Plaquinhas laterais com frases motivacionais<\/strong><br \/>\u2022 <strong>Cordinha decorativa<\/strong><br \/>\u2022 Total de <strong>9 folhas A4<\/strong>, pensadas para enriquecer visualmente o espa\u00e7o.<br \/>\u2709\ufe0f <strong>Texto Reflexivo para a Equipe<\/strong><br \/>\u2022 Ideal para leitura em reuni\u00f5es ou entrega individual aos professores<br \/>\ud83d\udecd\ufe0f <strong>Sacolinha para Mimos<\/strong><br \/>\u2022 Arquivo pronto para montagem<br \/>\ud83c\udfa5 <strong>Tutoriais de Montagem<\/strong><br \/>\u2022 Acesso via QR Code<br \/>\u2022 V\u00eddeos explicativos para facilitar a montagem dos itens.<\/p>\n<p><strong>Detalhes T\u00e9cnicos:<\/strong><br \/>\ud83d\udcc2 Arquivo em PDF pronto para impress\u00e3o, 100% digital. <br \/>\u26a0\ufe0f Este produto n\u00e3o \u00e9 edit\u00e1vel. <br \/>\u26a0\ufe0f N\u00e3o enviamos pelos CORREIOS.<br \/>\u26a0\ufe0f Aten\u00e7\u00e3o: Este produto n\u00e3o \u00e9 clipart e n\u00e3o disponibilizamos a arte aberta. <br \/>\u26a0\ufe0f O material \u00e9 fornecido exclusivamente em arquivos PDF. Uso pessoal, proibida a venda e revenda do material f\u00edsico ou digital.<br \/><strong><br \/>\ud83d\udce5 Como acessar seu arquivo<br \/>Ap\u00f3s a confirma\u00e7\u00e3o do pagamento, voc\u00ea poder\u00e1 baixar o seu produto de tr\u00eas formas pr\u00e1ticas:<br \/><\/strong>1\ufe0f\u20e3 Via e-mail<br \/>Voc\u00ea receber\u00e1 um e-mail com o t\u00edtulo \u201cSeu arquivo chegou\u201d.<br \/>Lembre-se de verificar tamb\u00e9m a caixa de Spam\/Lixo eletr\u00f4nico.<br \/>Para baixar, clique em todos os t\u00edtulos destacados e sublinhados na se\u00e7\u00e3o de Downloads.<br \/>2\ufe0f\u20e3 Via WhatsApp<br \/>Voc\u00ea receber\u00e1 uma mensagem autom\u00e1tica em seu WhatsApp.<br \/>Para receber o arquivo por l\u00e1, basta clicar no bot\u00e3o: \u201cRECEBER meu pedido aqui\u201d.<br \/>3\ufe0f\u20e3 Na sua \u00c1rea do Cliente (site)<br \/>Clique nas tr\u00eas linhas no canto superior esquerdo.<br \/>Acesse Minha Conta &gt; Downloads.<br \/>Baixe diretamente todos os produtos adquiridos.<\/p>\n<p><strong>\ud83d\udccc Qualquer d\u00favida, nosso suporte est\u00e1 \u00e0 disposi\u00e7\u00e3o:<br \/>(11) 94050-7483.<\/strong><\/p>\n","protected":false},"excerpt":{"rendered":"<p>O <strong>Kit \u201cEducar \u00e9 um Compromisso Coletivo\u201d<\/strong> foi criado para <strong>acolher a equipe, fortalecer o sentimento de pertencimento e refor\u00e7ar que cada fun\u00e7\u00e3o importa<\/strong> no processo educativo. Um material pensado para transformar a entrada da escola ou o espa\u00e7o de conviv\u00eancia em um convite \u00e0 reflex\u00e3o, ao cuidado e ao prop\u00f3sito coletivo de educar.<\/p>\n","protected":false},"featured_media":94010,"comment_status":"open","ping_status":"closed","template":"","meta":{"bwfblock_default_font":"","_uf_show_specific_survey":0,"_uf_disable_surveys":false},"product_brand":[],"product_cat":[38,71],"product_tag":[70,52],"class_list":{"0":"post-85440","1":"product","2":"type-product","3":"status-publish","4":"has-post-thumbnail","6":"product_cat-coordenacao-pedagogica","7":"product_cat-volta-as-aulas","8":"product_tag-coordenacao-pedagogica","9":"product_tag-volta-as-aulas","11":"first","12":"instock","13":"sale","14":"downloadable","15":"virtual","16":"sold-individually","17":"taxable","18":"purchasable","19":"product-type-simple"},"aioseo_notices":[],"_links":{"self":[{"href":"https:\/\/educacaocomproposito.com.br\/index.php\/wp-json\/wp\/v2\/product\/85440","targetHints":{"allow":["GET"]}}],"collection":[{"href":"https:\/\/educacaocomproposito.com.br\/index.php\/wp-json\/wp\/v2\/product"}],"about":[{"href":"https:\/\/educacaocomproposito.com.br\/index.php\/wp-json\/wp\/v2\/types\/product"}],"replies":[{"embeddable":true,"href":"https:\/\/educacaocomproposito.com.br\/index.php\/wp-json\/wp\/v2\/comments?post=85440"}],"version-history":[{"count":2,"href":"https:\/\/educacaocomproposito.com.br\/index.php\/wp-json\/wp\/v2\/product\/85440\/revisions"}],"predecessor-version":[{"id":87405,"href":"https:\/\/educacaocomproposito.com.br\/index.php\/wp-json\/wp\/v2\/product\/85440\/revisions\/87405"}],"wp:featuredmedia":[{"embeddable":true,"href":"https:\/\/educacaocomproposito.com.br\/index.php\/wp-json\/wp\/v2\/media\/94010"}],"wp:attachment":[{"href":"https:\/\/educacaocomproposito.com.br\/index.php\/wp-json\/wp\/v2\/media?parent=85440"}],"wp:term":[{"taxonomy":"product_brand","embeddable":true,"href":"https:\/\/educacaocomproposito.com.br\/index.php\/wp-json\/wp\/v2\/product_brand?post=85440"},{"taxonomy":"product_cat","embeddable":true,"href":"https:\/\/educacaocomproposito.com.br\/index.php\/wp-json\/wp\/v2\/product_cat?post=85440"},{"taxonomy":"product_tag","embeddable":true,"href":"https:\/\/educacaocomproposito.com.br\/index.php\/wp-json\/wp\/v2\/product_tag?post=85440"}],"curies":[{"name":"wp","href":"https:\/\/api.w.org\/{rel}","templated":true}]}}