{"id":86910,"date":"2026-01-12T22:23:50","date_gmt":"2026-01-13T01:23:50","guid":{"rendered":"https:\/\/educacaocomproposito.com.br\/?post_type=product&#038;p=86910"},"modified":"2026-01-14T09:29:14","modified_gmt":"2026-01-14T12:29:14","slug":"painel-interativo-para-sala-dos-professores-2026","status":"publish","type":"product","link":"https:\/\/educacaocomproposito.com.br\/index.php\/product\/painel-interativo-para-sala-dos-professores-2026\/","title":{"rendered":"Painel Interativo para Sala dos Professores &#8211; 2026"},"content":{"rendered":"<p>O que voc\u00ea encontrar\u00e1 no painel:<br \/>\u2022 S.O.S Professor: Uma se\u00e7\u00e3o dedicada para auxiliar com itens essenciais, como band-aids, analg\u00e9sicos, pomadas e term\u00f4metro. As tags das caixinhas podem ser personalizadas para atender \u00e0s necessidades da sua escola.<br \/>\u2022 Caixa &#8220;Suporte Pedag\u00f3gico&#8221;: Um espa\u00e7o especial para os professores deixarem recados, sugest\u00f5es, elogios ou pedidos de ajuda \u00e0 coordena\u00e7\u00e3o.<br \/>\u2022 Calend\u00e1rio Anual Escolar: Organize-se com um calend\u00e1rio repleto de datas comemorativas escolares importantes.<br \/>\u2022 Aniversariantes do M\u00eas: Destaque os aniversariantes de forma especial e criativa.<br \/>\u2022 Quadro Branco para Palavra do Dia: Inspire e motive a equipe com mensagens di\u00e1rias personaliz\u00e1veis.<br \/>\u2022 Espa\u00e7os para Avisos, Comunicados e Eventos: Mantenha todos atualizados com informa\u00e7\u00f5es relevantes e bem organizadas.<br \/>\u2022 Se\u00e7\u00e3o de Fotos: Um cantinho perfeito para registrar e celebrar momentos \u00fanicos entre a equipe.<br \/>&#8211; Medida \ud83d\udcd0: 147x76cm<\/p>\n<p>Vantagens do Produto:<br \/>\u2022 Fotos 100% Edit\u00e1veis no Canva: Personalize facilmente as fotos dos aniversariantes e mural de fotos.<br \/>\u2022 Instru\u00e7\u00f5es Detalhadas: Receba links de edi\u00e7\u00e3o no Canva e v\u00eddeos tutoriais com o passo a passo para personalizar e montar cada item do painel<\/p>\n<p><strong>Detalhes T\u00e9cnicos:<\/strong><br \/>Arquivo 100% Digital. N\u00c3O ENVIAMOS PELOS CORREIOS.<\/p>\n<p><strong>\ud83d\udce5 Como acessar seu arquivo<br \/>Ap\u00f3s a confirma\u00e7\u00e3o do pagamento, voc\u00ea poder\u00e1 baixar o seu produto de tr\u00eas formas pr\u00e1ticas:<br \/><\/strong>1\ufe0f\u20e3 Via e-mail<br \/>Voc\u00ea receber\u00e1 um e-mail com o t\u00edtulo \u201cSeu arquivo chegou\u201d.<br \/>Lembre-se de verificar tamb\u00e9m a caixa de Spam\/Lixo eletr\u00f4nico.<br \/>Para baixar, clique em todos os t\u00edtulos destacados e sublinhados na se\u00e7\u00e3o de Downloads.<br \/>2\ufe0f\u20e3 Via WhatsApp<br \/>Voc\u00ea receber\u00e1 uma mensagem autom\u00e1tica em seu WhatsApp.<br \/>Para receber o arquivo por l\u00e1, basta clicar no bot\u00e3o: \u201cRECEBER meu pedido aqui\u201d.<br \/>3\ufe0f\u20e3 Na sua \u00c1rea do Cliente (site)<br \/>Clique nas tr\u00eas linhas no canto superior esquerdo.<br \/>Acesse Minha Conta &gt; Downloads.<br \/>Baixe diretamente todos os produtos adquiridos.<br \/><strong>\ud83d\udccc Qualquer d\u00favida, nosso suporte est\u00e1 \u00e0 disposi\u00e7\u00e3o:<br \/>(11) 94050-7483.<\/strong><\/p>\n","protected":false},"excerpt":{"rendered":"<p>Transforme a sala dos professores em um espa\u00e7o funcional e acolhedor com o <strong>Painel Interativo<\/strong>! Perfeito para organizar, informar e inspirar, este painel foi pensado para facilitar o dia a dia da equipe docente com itens \u00fateis e personalizados.<\/p>\n","protected":false},"featured_media":86915,"comment_status":"open","ping_status":"closed","template":"","meta":{"bwfblock_default_font":"","_uf_show_specific_survey":0,"_uf_disable_surveys":false},"product_brand":[],"product_cat":[38],"product_tag":[70],"class_list":{"0":"post-86910","1":"product","2":"type-product","3":"status-publish","4":"has-post-thumbnail","6":"product_cat-coordenacao-pedagogica","7":"product_tag-coordenacao-pedagogica","9":"first","10":"instock","11":"sale","12":"downloadable","13":"virtual","14":"sold-individually","15":"taxable","16":"purchasable","17":"product-type-simple"},"aioseo_notices":[],"_links":{"self":[{"href":"https:\/\/educacaocomproposito.com.br\/index.php\/wp-json\/wp\/v2\/product\/86910","targetHints":{"allow":["GET"]}}],"collection":[{"href":"https:\/\/educacaocomproposito.com.br\/index.php\/wp-json\/wp\/v2\/product"}],"about":[{"href":"https:\/\/educacaocomproposito.com.br\/index.php\/wp-json\/wp\/v2\/types\/product"}],"replies":[{"embeddable":true,"href":"https:\/\/educacaocomproposito.com.br\/index.php\/wp-json\/wp\/v2\/comments?post=86910"}],"version-history":[{"count":1,"href":"https:\/\/educacaocomproposito.com.br\/index.php\/wp-json\/wp\/v2\/product\/86910\/revisions"}],"predecessor-version":[{"id":86934,"href":"https:\/\/educacaocomproposito.com.br\/index.php\/wp-json\/wp\/v2\/product\/86910\/revisions\/86934"}],"wp:featuredmedia":[{"embeddable":true,"href":"https:\/\/educacaocomproposito.com.br\/index.php\/wp-json\/wp\/v2\/media\/86915"}],"wp:attachment":[{"href":"https:\/\/educacaocomproposito.com.br\/index.php\/wp-json\/wp\/v2\/media?parent=86910"}],"wp:term":[{"taxonomy":"product_brand","embeddable":true,"href":"https:\/\/educacaocomproposito.com.br\/index.php\/wp-json\/wp\/v2\/product_brand?post=86910"},{"taxonomy":"product_cat","embeddable":true,"href":"https:\/\/educacaocomproposito.com.br\/index.php\/wp-json\/wp\/v2\/product_cat?post=86910"},{"taxonomy":"product_tag","embeddable":true,"href":"https:\/\/educacaocomproposito.com.br\/index.php\/wp-json\/wp\/v2\/product_tag?post=86910"}],"curies":[{"name":"wp","href":"https:\/\/api.w.org\/{rel}","templated":true}]}}